CRAN Package Check Results for Package ADMM

Last updated on 2024-07-18 06:57:18 CEST.

Flavor Version Tinstall Tcheck Ttotal Status Flags
r-devel-linux-x86_64-debian-clang 0.3.3 65.70 79.69 145.39 NOTE
r-devel-linux-x86_64-debian-gcc 0.3.3 50.42 59.07 109.49 NOTE
r-devel-linux-x86_64-fedora-clang 0.3.3 206.23 NOTE
r-devel-linux-x86_64-fedora-gcc 0.3.3 228.03 NOTE
r-devel-windows-x86_64 0.3.3 59.00 93.00 152.00 NOTE
r-patched-linux-x86_64 0.3.3 69.29 79.15 148.44 NOTE
r-release-linux-x86_64 0.3.3 64.11 77.76 141.87 NOTE
r-release-macos-arm64 0.3.3 50.00 NOTE
r-release-macos-x86_64 0.3.3 69.00 NOTE
r-release-windows-x86_64 0.3.3 59.00 116.00 175.00 NOTE
r-oldrel-macos-arm64 0.3.3 59.00 NOTE
r-oldrel-macos-x86_64 0.3.3 96.00 NOTE
r-oldrel-windows-x86_64 0.3.3 75.00 115.00 190.00 NOTE

Check Details

Version: 0.3.3
Check: C++ specification
Result: NOTE Specified C++11: please drop specification unless essential Flavors: r-devel-linux-x86_64-debian-clang, r-devel-linux-x86_64-debian-gcc, r-devel-linux-x86_64-fedora-clang, r-devel-linux-x86_64-fedora-gcc, r-devel-windows-x86_64, r-patched-linux-x86_64, r-release-linux-x86_64, r-release-macos-arm64, r-release-macos-x86_64, r-release-windows-x86_64, r-oldrel-macos-arm64, r-oldrel-macos-x86_64, r-oldrel-windows-x86_64

Version: 0.3.3
Check: installed package size
Result: NOTE installed size is 5.8Mb sub-directories of 1Mb or more: libs 5.6Mb Flavors: r-release-macos-arm64, r-release-macos-x86_64, r-oldrel-macos-arm64, r-oldrel-macos-x86_64