CRAN Package Check Results for Package ActFrag

Last updated on 2024-07-14 05:53:26 CEST.

Flavor Version Tinstall Tcheck Ttotal Status Flags
r-devel-linux-x86_64-debian-clang 0.1.1 11.96 127.74 139.70 NOTE
r-devel-linux-x86_64-debian-gcc 0.1.1 10.98 92.64 103.62 NOTE
r-devel-linux-x86_64-fedora-clang 0.1.1 172.79 NOTE
r-devel-linux-x86_64-fedora-gcc 0.1.1 177.59 NOTE
r-devel-windows-x86_64 0.1.1 12.00 105.00 117.00 NOTE
r-patched-linux-x86_64 0.1.1 8.26 115.70 123.96 NOTE
r-release-linux-x86_64 0.1.1 8.23 120.84 129.07 NOTE
r-release-macos-arm64 0.1.1 55.00 NOTE
r-release-macos-x86_64 0.1.1 90.00 NOTE
r-release-windows-x86_64 0.1.1 12.00 101.00 113.00 NOTE
r-oldrel-macos-arm64 0.1.1 61.00 NOTE
r-oldrel-macos-x86_64 0.1.1 86.00 NOTE
r-oldrel-windows-x86_64 0.1.1 17.00 122.00 139.00 NOTE

Check Details

Version: 0.1.1
Check: package subdirectories
Result: NOTE Problems with news in ‘NEWS.md’: No news entries found. Flavors: r-devel-linux-x86_64-debian-clang, r-devel-linux-x86_64-debian-gcc, r-devel-linux-x86_64-fedora-clang, r-devel-linux-x86_64-fedora-gcc, r-devel-windows-x86_64, r-patched-linux-x86_64, r-release-linux-x86_64, r-release-macos-arm64, r-release-macos-x86_64, r-release-windows-x86_64, r-oldrel-macos-arm64, r-oldrel-macos-x86_64, r-oldrel-windows-x86_64

Version: 0.1.1
Check: dependencies in R code
Result: NOTE Namespace in Imports field not imported from: ‘tidyr’ All declared Imports should be used. Flavors: r-devel-linux-x86_64-fedora-clang, r-devel-linux-x86_64-fedora-gcc