CRAN Package Check Results for Package AzureKusto

Last updated on 2024-06-13 06:57:54 CEST.

Flavor Version Tinstall Tcheck Ttotal Status Flags
r-devel-linux-x86_64-debian-clang 1.1.3 13.37 88.72 102.09 OK
r-devel-linux-x86_64-debian-gcc 1.1.3 0.40 1.71 2.11 ERROR
r-devel-linux-x86_64-fedora-clang 1.1.3 127.49 OK
r-devel-linux-x86_64-fedora-gcc 1.1.3 130.10 OK
r-devel-windows-x86_64 1.1.3 12.00 88.00 100.00 OK
r-patched-linux-x86_64 1.1.3 19.06 85.19 104.25 OK
r-release-linux-x86_64 1.1.3 11.21 82.85 94.06 OK
r-release-macos-arm64 1.1.3 42.00 OK
r-release-macos-x86_64 1.1.3 72.00 OK
r-release-windows-x86_64 1.1.3 13.00 106.00 119.00 OK
r-oldrel-macos-arm64 1.1.3 42.00 OK
r-oldrel-macos-x86_64 1.1.3 78.00 OK
r-oldrel-windows-x86_64 1.1.3 14.00 101.00 115.00 OK

Check Details

Version: 1.1.3
Check: package dependencies
Result: ERROR Packages required but not available: 'tibble', 'dplyr', 'tidyr', 'tidyselect' Packages suggested but not available for checking: 'testthat', 'AzureStor' See section ‘The DESCRIPTION file’ in the ‘Writing R Extensions’ manual. Flavor: r-devel-linux-x86_64-debian-gcc