CRAN Package Check Results for Package BayesMassBal

Last updated on 2024-06-13 06:57:55 CEST.

Flavor Version Tinstall Tcheck Ttotal Status Flags
r-devel-linux-x86_64-debian-clang 1.1.0 9.34 307.12 316.46 OK
r-devel-linux-x86_64-debian-gcc 1.1.0 7.69 215.11 222.80 ERROR
r-devel-linux-x86_64-fedora-clang 1.1.0 381.34 OK
r-devel-linux-x86_64-fedora-gcc 1.1.0 384.73 OK
r-devel-windows-x86_64 1.1.0 9.00 210.00 219.00 OK
r-patched-linux-x86_64 1.1.0 10.56 287.98 298.54 OK
r-release-linux-x86_64 1.1.0 8.20 292.83 301.03 OK
r-release-macos-arm64 1.1.0 99.00 OK
r-release-macos-x86_64 1.1.0 172.00 OK
r-release-windows-x86_64 1.1.0 9.00 219.00 228.00 OK
r-oldrel-macos-arm64 1.1.0 111.00 OK
r-oldrel-macos-x86_64 1.1.0 196.00 OK
r-oldrel-windows-x86_64 1.1.0 11.00 279.00 290.00 OK

Check Details

Version: 1.1.0
Check: package dependencies
Result: NOTE Package suggested but not available for checking: ‘testthat’ Flavor: r-devel-linux-x86_64-debian-gcc

Version: 1.1.0
Check: tests
Result: ERROR Running ‘spelling.R’ [0s/1s] Running ‘testthat.R’ [0s/1s] Running the tests in ‘tests/testthat.R’ failed. Complete output: > library(testthat) Error in library(testthat) : there is no package called 'testthat' Execution halted Flavor: r-devel-linux-x86_64-debian-gcc