CRAN Package Check Results for Package BayesTreePrior

Last updated on 2024-07-21 05:57:30 CEST.

Flavor Version Tinstall Tcheck Ttotal Status Flags
r-devel-linux-x86_64-debian-clang 1.0.1 2.60 41.04 43.64 NOTE
r-devel-linux-x86_64-debian-gcc 1.0.1 1.93 30.42 32.35 NOTE
r-devel-linux-x86_64-fedora-clang 1.0.1 53.41 NOTE
r-devel-linux-x86_64-fedora-gcc 1.0.1 52.05 NOTE
r-devel-windows-x86_64 1.0.1 3.00 51.00 54.00 NOTE
r-patched-linux-x86_64 1.0.1 2.75 38.75 41.50 NOTE
r-release-linux-x86_64 1.0.1 2.40 38.80 41.20 NOTE
r-release-macos-arm64 1.0.1 20.00 NOTE
r-release-macos-x86_64 1.0.1 28.00 NOTE
r-release-windows-x86_64 1.0.1 3.00 50.00 53.00 NOTE
r-oldrel-macos-arm64 1.0.1 21.00 OK
r-oldrel-macos-x86_64 1.0.1 28.00 OK
r-oldrel-windows-x86_64 1.0.1 3.00 54.00 57.00 OK

Check Details

Version: 1.0.1
Check: Rd files
Result: NOTE checkRd: (-1) BayesTreePrior.Rd:38: Lost braces in \itemize; meant \describe ? checkRd: (-1) BayesTreePrior.Rd:39: Lost braces in \itemize; meant \describe ? checkRd: (-1) BayesTreePrior.Rd:40: Lost braces in \itemize; meant \describe ? checkRd: (-1) BayesTreePrior.Rd:41: Lost braces in \itemize; meant \describe ? Flavors: r-devel-linux-x86_64-debian-clang, r-devel-linux-x86_64-debian-gcc, r-devel-linux-x86_64-fedora-clang, r-devel-linux-x86_64-fedora-gcc, r-devel-windows-x86_64, r-patched-linux-x86_64, r-release-linux-x86_64, r-release-macos-arm64, r-release-macos-x86_64, r-release-windows-x86_64