CRAN Package Check Results for Package BayesianMediationA

Last updated on 2024-07-11 05:53:52 CEST.

Flavor Version Tinstall Tcheck Ttotal Status Flags
r-devel-linux-x86_64-debian-clang 1.0.1 19.15 186.36 205.51 NOTE
r-devel-linux-x86_64-debian-gcc 1.0.1 13.45 136.38 149.83 NOTE
r-devel-linux-x86_64-fedora-clang 1.0.1 254.61 NOTE
r-devel-linux-x86_64-fedora-gcc 1.0.1 258.79 NOTE
r-devel-windows-x86_64 1.0.1 18.00 161.00 179.00 NOTE
r-patched-linux-x86_64 1.0.1 14.96 180.99 195.95 NOTE
r-release-linux-x86_64 1.0.1 12.92 175.68 188.60 NOTE
r-release-macos-arm64 1.0.1 74.00 NOTE
r-release-macos-x86_64 1.0.1 123.00 NOTE
r-release-windows-x86_64 1.0.1 17.00 159.00 176.00 NOTE
r-oldrel-macos-arm64 1.0.1 84.00 OK
r-oldrel-macos-x86_64 1.0.1 141.00 OK
r-oldrel-windows-x86_64 1.0.1 23.00 191.00 214.00 OK

Check Details

Version: 1.0.1
Check: Rd files
Result: NOTE checkRd: (-1) bma.bx.cy.Rd:69: Lost braces 69 | the initial values for parameters in models. For example, inits<-function(){list(alpha=0,beta=0,c=0,var1=0.5,r=1,lamda=0.01)}. | ^ Flavors: r-devel-linux-x86_64-debian-clang, r-devel-linux-x86_64-debian-gcc, r-devel-linux-x86_64-fedora-clang, r-devel-linux-x86_64-fedora-gcc, r-devel-windows-x86_64, r-patched-linux-x86_64, r-release-linux-x86_64, r-release-macos-arm64, r-release-macos-x86_64, r-release-windows-x86_64