CRAN Package Check Results for Package BootstrapQTL

Last updated on 2024-07-20 06:49:15 CEST.

Flavor Version Tinstall Tcheck Ttotal Status Flags
r-devel-linux-x86_64-debian-clang 1.0.5 2.25 43.68 45.93 OK
r-devel-linux-x86_64-debian-gcc 1.0.5 2.61 32.54 35.15 OK
r-devel-linux-x86_64-fedora-clang 1.0.5 60.04 OK
r-devel-linux-x86_64-fedora-gcc 1.0.5 54.70 OK
r-devel-windows-x86_64 1.0.5 4.00 53.00 57.00 NOTE
r-patched-linux-x86_64 1.0.5 3.73 40.42 44.15 OK
r-release-linux-x86_64 1.0.5 3.18 40.77 43.95 OK
r-release-macos-arm64 1.0.5 21.00 OK
r-release-macos-x86_64 1.0.5 32.00 OK
r-release-windows-x86_64 1.0.5 4.00 53.00 57.00 NOTE
r-oldrel-macos-arm64 1.0.5 22.00 OK
r-oldrel-macos-x86_64 1.0.5 32.00 OK
r-oldrel-windows-x86_64 1.0.5 5.00 60.00 65.00 NOTE

Check Details

Version: 1.0.5
Check: package dependencies
Result: NOTE Package suggested but not available for checking: 'doMC' Flavors: r-devel-windows-x86_64, r-release-windows-x86_64, r-oldrel-windows-x86_64