CRAN Package Check Results for Package COLP

Last updated on 2024-07-21 05:57:32 CEST.

Flavor Version Tinstall Tcheck Ttotal Status Flags
r-devel-linux-x86_64-debian-clang 1.0.0 1.72 22.45 24.17 OK
r-devel-linux-x86_64-debian-gcc 1.0.0 1.74 17.68 19.42 OK
r-devel-linux-x86_64-fedora-clang 1.0.0 31.78 NOTE
r-devel-linux-x86_64-fedora-gcc 1.0.0 30.30 NOTE
r-devel-windows-x86_64 1.0.0 3.00 39.00 42.00 OK
r-patched-linux-x86_64 1.0.0 1.86 22.53 24.39 OK
r-release-linux-x86_64 1.0.0 1.96 22.17 24.13 OK
r-release-macos-arm64 1.0.0 15.00 OK
r-release-macos-x86_64 1.0.0 24.00 OK
r-release-windows-x86_64 1.0.0 2.00 39.00 41.00 OK
r-oldrel-macos-arm64 1.0.0 15.00 OK
r-oldrel-macos-x86_64 1.0.0 20.00 OK
r-oldrel-windows-x86_64 1.0.0 2.00 44.00 46.00 OK

Check Details

Version: 1.0.0
Check: data for non-ASCII characters
Result: NOTE Note: found 2 marked UTF-8 strings Flavors: r-devel-linux-x86_64-fedora-clang, r-devel-linux-x86_64-fedora-gcc