CRAN Package Check Results for Package CTT

Last updated on 2024-06-23 05:54:18 CEST.

Flavor Version Tinstall Tcheck Ttotal Status Flags
r-devel-linux-x86_64-debian-clang 2.3.3 3.23 28.83 32.06 NOTE
r-devel-linux-x86_64-debian-gcc 2.3.3 2.25 21.94 24.19 NOTE
r-devel-linux-x86_64-fedora-clang 2.3.3 39.32 NOTE
r-devel-linux-x86_64-fedora-gcc 2.3.3 37.15 NOTE
r-devel-windows-x86_64 2.3.3 5.00 44.00 49.00 OK
r-patched-linux-x86_64 2.3.3 3.26 27.65 30.91 NOTE
r-release-linux-x86_64 2.3.3 2.28 27.69 29.97 NOTE
r-release-macos-arm64 2.3.3 16.00 OK
r-release-macos-x86_64 2.3.3 25.00 OK
r-release-windows-x86_64 2.3.3 3.00 41.00 44.00 OK
r-oldrel-macos-arm64 2.3.3 17.00 OK
r-oldrel-macos-x86_64 2.3.3 22.00 OK
r-oldrel-windows-x86_64 2.3.3 7.00 43.00 50.00 OK

Check Details

Version: 2.3.3
Check: for non-standard things in the check directory
Result: NOTE Found the following files/directories: ‘Hello.csv’ Flavors: r-devel-linux-x86_64-debian-clang, r-devel-linux-x86_64-debian-gcc, r-devel-linux-x86_64-fedora-clang, r-devel-linux-x86_64-fedora-gcc, r-patched-linux-x86_64, r-release-linux-x86_64