CRAN Package Check Results for Package Certara.R

Last updated on 2024-07-14 05:53:28 CEST.

Flavor Version Tinstall Tcheck Ttotal Status Flags
r-devel-linux-x86_64-debian-clang 1.1.0 1.61 22.65 24.26 OK
r-devel-linux-x86_64-debian-gcc 1.1.0 2.00 17.67 19.67 OK
r-devel-linux-x86_64-fedora-clang 1.1.0 32.37 NOTE
r-devel-linux-x86_64-fedora-gcc 1.1.0 30.10 NOTE
r-devel-windows-x86_64 1.1.0 4.00 40.00 44.00 OK
r-patched-linux-x86_64 1.1.0 2.38 22.49 24.87 OK
r-release-linux-x86_64 1.1.0 1.65 21.94 23.59 OK
r-release-macos-arm64 1.1.0 15.00 OK
r-release-macos-x86_64 1.1.0 29.00 OK
r-release-windows-x86_64 1.1.0 5.00 41.00 46.00 OK
r-oldrel-macos-arm64 1.1.0 19.00 OK
r-oldrel-macos-x86_64 1.1.0 24.00 OK
r-oldrel-windows-x86_64 1.1.0 4.00 40.00 44.00 OK

Check Details

Version: 1.1.0
Check: dependencies in R code
Result: NOTE Namespaces in Imports field not imported from: ‘DT’ ‘batchtools’ ‘data.table’ ‘dplyr’ ‘ggplot2’ ‘htmltools’ ‘jsonlite’ ‘magrittr’ ‘methods’ ‘plotly’ ‘reshape’ ‘rlang’ ‘shiny’ ‘shinyWidgets’ ‘shinyjqui’ ‘shinyjs’ ‘shinymaterial’ ‘sortable’ ‘ssh’ ‘xml2’ All declared Imports should be used. Flavors: r-devel-linux-x86_64-fedora-clang, r-devel-linux-x86_64-fedora-gcc