CRAN Package Check Results for Package ConsReg

Last updated on 2024-07-18 06:57:21 CEST.

Flavor Version Tinstall Tcheck Ttotal Status Flags
r-devel-linux-x86_64-debian-clang 0.1.0 6.15 58.84 64.99 OK
r-devel-linux-x86_64-debian-gcc 0.1.0 4.34 43.41 47.75 OK
r-devel-linux-x86_64-fedora-clang 0.1.0 84.50 NOTE
r-devel-linux-x86_64-fedora-gcc 0.1.0 88.33 NOTE
r-devel-windows-x86_64 0.1.0 9.00 71.00 80.00 OK
r-patched-linux-x86_64 0.1.0 6.02 55.93 61.95 OK
r-release-linux-x86_64 0.1.0 4.40 56.12 60.52 OK
r-release-macos-arm64 0.1.0 35.00 OK
r-release-macos-x86_64 0.1.0 60.00 OK
r-release-windows-x86_64 0.1.0 9.00 68.00 77.00 OK
r-oldrel-macos-arm64 0.1.0 37.00 OK
r-oldrel-macos-x86_64 0.1.0 49.00 OK
r-oldrel-windows-x86_64 0.1.0 9.00 76.00 85.00 OK

Check Details

Version: 0.1.0
Check: compiled code
Result: NOTE File ‘ConsReg/libs/ConsReg.so’: Found no calls to: ‘R_registerRoutines’, ‘R_useDynamicSymbols’ It is good practice to register native routines and to disable symbol search. See ‘Writing portable packages’ in the ‘Writing R Extensions’ manual. Flavors: r-devel-linux-x86_64-fedora-clang, r-devel-linux-x86_64-fedora-gcc