CRAN Package Check Results for Package CornerstoneR

Last updated on 2024-07-14 05:53:28 CEST.

Flavor Version Tinstall Tcheck Ttotal Status Flags
r-devel-linux-x86_64-debian-clang 2.0.2 3.24 77.20 80.44 NOTE
r-devel-linux-x86_64-debian-gcc 2.0.2 4.03 59.98 64.01 NOTE
r-devel-linux-x86_64-fedora-clang 2.0.2 110.11 NOTE
r-devel-linux-x86_64-fedora-gcc 2.0.2 116.02 NOTE
r-devel-windows-x86_64 2.0.2 5.00 85.00 90.00 NOTE
r-patched-linux-x86_64 2.0.2 8.95 75.77 84.72 NOTE
r-release-linux-x86_64 2.0.2 4.90 74.60 79.50 NOTE
r-release-macos-arm64 2.0.2 46.00 NOTE
r-release-macos-x86_64 2.0.2 68.00 NOTE
r-release-windows-x86_64 2.0.2 5.00 84.00 89.00 NOTE
r-oldrel-macos-arm64 2.0.2 46.00 OK
r-oldrel-macos-x86_64 2.0.2 65.00 OK
r-oldrel-windows-x86_64 2.0.2 7.00 98.00 105.00 OK

Check Details

Version: 2.0.2
Check: Rd files
Result: NOTE checkRd: (-1) carstats.Rd:11: Lost braces in \itemize; meant \describe ? checkRd: (-1) carstats.Rd:12: Lost braces in \itemize; meant \describe ? checkRd: (-1) carstats.Rd:13: Lost braces in \itemize; meant \describe ? checkRd: (-1) carstats.Rd:14: Lost braces in \itemize; meant \describe ? checkRd: (-1) carstats.Rd:15: Lost braces in \itemize; meant \describe ? checkRd: (-1) carstats.Rd:16: Lost braces in \itemize; meant \describe ? checkRd: (-1) carstats.Rd:17: Lost braces in \itemize; meant \describe ? checkRd: (-1) carstats.Rd:18: Lost braces in \itemize; meant \describe ? checkRd: (-1) carstats.Rd:19: Lost braces in \itemize; meant \describe ? checkRd: (-1) titanic.Rd:11: Lost braces in \itemize; meant \describe ? checkRd: (-1) titanic.Rd:12: Lost braces in \itemize; meant \describe ? checkRd: (-1) titanic.Rd:13: Lost braces in \itemize; meant \describe ? checkRd: (-1) titanic.Rd:14: Lost braces in \itemize; meant \describe ? Flavors: r-devel-linux-x86_64-debian-clang, r-devel-linux-x86_64-debian-gcc, r-devel-linux-x86_64-fedora-clang, r-devel-linux-x86_64-fedora-gcc, r-devel-windows-x86_64, r-patched-linux-x86_64, r-release-linux-x86_64, r-release-macos-arm64, r-release-macos-x86_64, r-release-windows-x86_64

Version: 2.0.2
Check: Rd cross-references
Result: NOTE Found the following Rd file(s) with Rd \link{} targets missing package anchors: carstats.Rd: data.table rundata.Rd: data.table titanic.Rd: data.table Please provide package anchors for all Rd \link{} targets not in the package itself and the base packages. Flavor: r-devel-windows-x86_64