CRAN Package Check Results for Package CoxPlus

Last updated on 2024-07-23 05:57:29 CEST.

Flavor Version Tinstall Tcheck Ttotal Status Flags
r-devel-linux-x86_64-debian-clang 1.1.1 54.07 32.01 86.08 NOTE
r-devel-linux-x86_64-debian-gcc 1.1.1 38.55 23.95 62.50 NOTE
r-devel-linux-x86_64-fedora-clang 1.1.1 115.84 NOTE
r-devel-linux-x86_64-fedora-gcc 1.1.1 124.73 NOTE
r-devel-windows-x86_64 1.1.1 41.00 66.00 107.00 NOTE
r-patched-linux-x86_64 1.1.1 43.98 29.75 73.73 NOTE
r-release-linux-x86_64 1.1.1 46.07 30.34 76.41 NOTE
r-release-macos-arm64 1.1.1 32.00 NOTE
r-release-macos-x86_64 1.1.1 54.00 NOTE
r-release-windows-x86_64 1.1.1 41.00 64.00 105.00 NOTE
r-oldrel-macos-arm64 1.1.1 33.00 NOTE
r-oldrel-macos-x86_64 1.1.1 61.00 NOTE
r-oldrel-windows-x86_64 1.1.1 49.00 73.00 122.00 NOTE

Check Details

Version: 1.1.1
Check: C++ specification
Result: NOTE Specified C++11: please drop specification unless essential Flavors: r-devel-linux-x86_64-debian-clang, r-devel-linux-x86_64-debian-gcc, r-devel-linux-x86_64-fedora-clang, r-devel-linux-x86_64-fedora-gcc, r-patched-linux-x86_64, r-release-linux-x86_64, r-release-macos-arm64, r-release-macos-x86_64, r-oldrel-macos-arm64, r-oldrel-macos-x86_64

Version: 1.1.1
Check: LazyData
Result: NOTE 'LazyData' is specified without a 'data' directory Flavors: r-devel-linux-x86_64-debian-clang, r-devel-linux-x86_64-debian-gcc, r-devel-linux-x86_64-fedora-clang, r-devel-linux-x86_64-fedora-gcc, r-devel-windows-x86_64, r-patched-linux-x86_64, r-release-linux-x86_64, r-release-macos-arm64, r-release-macos-x86_64, r-release-windows-x86_64, r-oldrel-macos-arm64, r-oldrel-macos-x86_64, r-oldrel-windows-x86_64

Version: 1.1.1
Check: compiled code
Result: NOTE File ‘CoxPlus/libs/CoxPlus.so’: Found no calls to: ‘R_registerRoutines’, ‘R_useDynamicSymbols’ It is good practice to register native routines and to disable symbol search. See ‘Writing portable packages’ in the ‘Writing R Extensions’ manual. Flavors: r-devel-linux-x86_64-fedora-clang, r-devel-linux-x86_64-fedora-gcc

Version: 1.1.1
Check: installed package size
Result: NOTE installed size is 6.6Mb sub-directories of 1Mb or more: libs 6.5Mb Flavors: r-release-macos-arm64, r-release-macos-x86_64, r-oldrel-macos-arm64, r-oldrel-macos-x86_64