CRAN Package Check Results for Package CpGassoc

Last updated on 2024-06-13 06:57:57 CEST.

Flavor Version Tinstall Tcheck Ttotal Status Flags
r-devel-linux-x86_64-debian-clang 2.60 4.39 86.73 91.12 NOTE
r-devel-linux-x86_64-debian-gcc 2.60 5.03 68.42 73.45 NOTE
r-devel-linux-x86_64-fedora-clang 2.60 115.52 NOTE
r-devel-linux-x86_64-fedora-gcc 2.60 135.64 NOTE
r-devel-windows-x86_64 2.60 7.00 98.00 105.00 NOTE
r-patched-linux-x86_64 2.60 7.32 85.00 92.32 NOTE
r-release-linux-x86_64 2.60 5.06 83.84 88.90 NOTE
r-release-macos-arm64 2.60 48.00 NOTE
r-release-macos-x86_64 2.60 65.00 NOTE
r-release-windows-x86_64 2.60 6.00 96.00 102.00 NOTE
r-oldrel-macos-arm64 2.60 59.00 OK
r-oldrel-macos-x86_64 2.60 86.00 OK
r-oldrel-windows-x86_64 2.60 7.00 105.00 112.00 OK

Check Details

Version: 2.60
Check: Rd files
Result: NOTE checkRd: (-1) Sample.data.Rd:11: Lost braces in \itemize; meant \describe ? checkRd: (-1) Sample.data.Rd:12: Lost braces in \itemize; meant \describe ? checkRd: (-1) Sample.data.Rd:13: Lost braces in \itemize; meant \describe ? checkRd: (-1) Sample.data.Rd:19: Lost braces in \itemize; meant \describe ? checkRd: (-1) Sample.data.Rd:20: Lost braces in \itemize; meant \describe ? checkRd: (-1) Sample.data.Rd:21: Lost braces in \itemize; meant \describe ? Flavors: r-devel-linux-x86_64-debian-clang, r-devel-linux-x86_64-debian-gcc, r-devel-linux-x86_64-fedora-clang, r-devel-linux-x86_64-fedora-gcc, r-devel-windows-x86_64, r-patched-linux-x86_64, r-release-linux-x86_64, r-release-macos-arm64, r-release-macos-x86_64, r-release-windows-x86_64

Version: 2.60
Check: package dependencies
Result: NOTE Package suggested but not available for checking: ‘qvalue’ Flavor: r-devel-linux-x86_64-debian-gcc