CRAN Package Check Results for Package DCEtool

Last updated on 2024-07-16 05:55:49 CEST.

Flavor Version Tinstall Tcheck Ttotal Status Flags
r-devel-linux-x86_64-debian-clang 1.1.0 13.61 111.60 125.21 OK
r-devel-linux-x86_64-debian-gcc 1.1.0 11.44 81.94 93.38 OK
r-devel-linux-x86_64-fedora-clang 1.1.0 162.54 NOTE
r-devel-linux-x86_64-fedora-gcc 1.1.0 163.93 NOTE
r-devel-windows-x86_64 1.1.0 13.00 94.00 107.00 OK
r-patched-linux-x86_64 1.1.0 12.52 106.95 119.47 OK
r-release-linux-x86_64 1.1.0 11.06 105.01 116.07 OK
r-release-macos-arm64 1.1.0 52.00 OK
r-release-macos-x86_64 1.1.0 87.00 OK
r-release-windows-x86_64 1.1.0 15.00 93.00 108.00 OK
r-oldrel-macos-arm64 1.1.0 54.00 OK
r-oldrel-macos-x86_64 1.1.0 157.00 OK
r-oldrel-windows-x86_64 1.1.0 17.00 115.00 132.00 OK

Check Details

Version: 1.1.0
Check: dependencies in R code
Result: NOTE Namespace in Imports field not imported from: ‘knitr’ All declared Imports should be used. Flavors: r-devel-linux-x86_64-fedora-clang, r-devel-linux-x86_64-fedora-gcc