CRAN Package Check Results for Package DDRTree

Last updated on 2024-07-25 05:54:56 CEST.

Flavor Version Tinstall Tcheck Ttotal Status Flags
r-devel-linux-x86_64-debian-clang 0.1.5 82.76 66.90 149.66 NOTE
r-devel-linux-x86_64-debian-gcc 0.1.5 60.05 55.30 115.35 NOTE
r-devel-linux-x86_64-fedora-clang 0.1.5 193.45 NOTE
r-devel-linux-x86_64-fedora-gcc 0.1.5 216.38 NOTE
r-devel-windows-x86_64 0.1.5 61.00 89.00 150.00 NOTE
r-patched-linux-x86_64 0.1.5 75.72 71.36 147.08 NOTE
r-release-linux-x86_64 0.1.5 72.21 71.60 143.81 NOTE
r-release-macos-arm64 0.1.5 49.00 NOTE
r-release-macos-x86_64 0.1.5 79.00 NOTE
r-release-windows-x86_64 0.1.5 62.00 86.00 148.00 NOTE
r-oldrel-macos-arm64 0.1.5 61.00 NOTE
r-oldrel-macos-x86_64 0.1.5 92.00 NOTE
r-oldrel-windows-x86_64 0.1.5 73.00 107.00 180.00 NOTE

Check Details

Version: 0.1.5
Check: C++ specification
Result: NOTE Specified C++11: please drop specification unless essential Flavors: r-devel-linux-x86_64-debian-clang, r-devel-linux-x86_64-debian-gcc, r-devel-linux-x86_64-fedora-clang, r-devel-linux-x86_64-fedora-gcc, r-devel-windows-x86_64, r-patched-linux-x86_64, r-release-linux-x86_64, r-release-macos-arm64, r-release-macos-x86_64, r-release-windows-x86_64, r-oldrel-macos-arm64, r-oldrel-macos-x86_64, r-oldrel-windows-x86_64

Version: 0.1.5
Check: installed package size
Result: NOTE installed size is 29.0Mb sub-directories of 1Mb or more: libs 28.9Mb Flavors: r-release-macos-arm64, r-release-macos-x86_64, r-oldrel-macos-arm64, r-oldrel-macos-x86_64