CRAN Package Check Results for Package DHARMa

Last updated on 2024-06-13 06:57:58 CEST.

Flavor Version Tinstall Tcheck Ttotal Status Flags
r-devel-linux-x86_64-debian-clang 0.4.6 13.30 326.59 339.89 OK
r-devel-linux-x86_64-debian-gcc 0.4.6 0.77 1.92 2.69 ERROR
r-devel-linux-x86_64-fedora-clang 0.4.6 302.97 NOTE
r-devel-linux-x86_64-fedora-gcc 0.4.6 378.22 OK
r-devel-windows-x86_64 0.4.6 11.00 234.00 245.00 NOTE
r-patched-linux-x86_64 0.4.6 11.47 313.90 325.37 OK
r-release-linux-x86_64 0.4.6 8.53 320.21 328.74 OK
r-release-macos-arm64 0.4.6 112.00 NOTE
r-release-macos-x86_64 0.4.6 383.00 NOTE
r-release-windows-x86_64 0.4.6 12.00 232.00 244.00 FAIL
r-oldrel-macos-arm64 0.4.6 126.00 NOTE
r-oldrel-macos-x86_64 0.4.6 170.00 NOTE
r-oldrel-windows-x86_64 0.4.6 15.00 304.00 319.00 NOTE

Check Details

Version: 0.4.6
Check: package dependencies
Result: ERROR Packages required but not available: 'gap', 'lme4' Packages suggested but not available for checking: 'testthat', 'mgcViz', 'spaMM', 'glmmTMB' Packages which this enhances but not available for checking: 'phyr', 'rstan', 'BayesianTools' See section ‘The DESCRIPTION file’ in the ‘Writing R Extensions’ manual. Flavor: r-devel-linux-x86_64-debian-gcc

Version: 0.4.6
Check: installed package size
Result: NOTE installed size is 5.5Mb sub-directories of 1Mb or more: doc 5.1Mb Flavors: r-devel-linux-x86_64-fedora-clang, r-devel-windows-x86_64, r-release-macos-arm64, r-release-macos-x86_64, r-release-windows-x86_64, r-oldrel-macos-arm64, r-oldrel-macos-x86_64, r-oldrel-windows-x86_64

Version: 0.4.6
Check: HTML version of manual
Result: FAIL
Flavor: r-release-windows-x86_64

Version: 0.4.6
Check: package dependencies
Result: NOTE Packages suggested but not available for checking: 'spaMM', 'glmmTMB' Packages which this enhances but not available for checking: 'rstan', 'BayesianTools' Flavor: r-oldrel-macos-x86_64