CRAN Package Check Results for Package DLMtool

Last updated on 2024-07-18 06:57:22 CEST.

Flavor Version Tinstall Tcheck Ttotal Status Flags
r-devel-linux-x86_64-debian-clang 6.0.6 127.56 121.96 249.52 NOTE
r-devel-linux-x86_64-debian-gcc 6.0.6 101.75 89.07 190.82 NOTE
r-devel-linux-x86_64-fedora-clang 6.0.6 314.42 NOTE
r-devel-linux-x86_64-fedora-gcc 6.0.6 364.80 NOTE
r-devel-windows-x86_64 6.0.6 98.00 140.00 238.00 NOTE --no-vignettes
r-patched-linux-x86_64 6.0.6 105.65 116.57 222.22 NOTE
r-release-linux-x86_64 6.0.6 86.05 118.29 204.34 NOTE
r-release-macos-arm64 6.0.6 75.00 NOTE
r-release-macos-x86_64 6.0.6 138.00 NOTE
r-release-windows-x86_64 6.0.6 97.00 143.00 240.00 NOTE --no-vignettes
r-oldrel-macos-arm64 6.0.6 77.00 NOTE
r-oldrel-macos-x86_64 6.0.6 143.00 NOTE
r-oldrel-windows-x86_64 6.0.6 123.00 167.00 290.00 NOTE --no-vignettes

Check Details

Version: 6.0.6
Check: package subdirectories
Result: NOTE Problems with news in ‘NEWS.md’: Cannot extract version info from the following section titles: Changes to previous versions Minor changes Fixes Previous Versions Flavors: r-devel-linux-x86_64-debian-clang, r-devel-linux-x86_64-debian-gcc, r-devel-linux-x86_64-fedora-clang, r-devel-linux-x86_64-fedora-gcc, r-patched-linux-x86_64, r-release-linux-x86_64, r-release-macos-arm64, r-release-macos-x86_64, r-oldrel-macos-arm64, r-oldrel-macos-x86_64

Version: 6.0.6
Flags: --no-vignettes
Check: installed package size
Result: NOTE installed size is 14.2Mb sub-directories of 1Mb or more: libs 13.5Mb Flavors: r-devel-windows-x86_64, r-release-windows-x86_64, r-oldrel-windows-x86_64

Version: 6.0.6
Flags: --no-vignettes
Check: package subdirectories
Result: NOTE Problems with news in 'NEWS.md': Cannot extract version info from the following section titles: Changes to previous versions Minor changes Fixes Previous Versions Flavors: r-devel-windows-x86_64, r-release-windows-x86_64, r-oldrel-windows-x86_64

Version: 6.0.6
Check: installed package size
Result: NOTE installed size is 47.9Mb sub-directories of 1Mb or more: libs 47.2Mb Flavors: r-release-macos-arm64, r-release-macos-x86_64, r-oldrel-macos-arm64, r-oldrel-macos-x86_64