CRAN Package Check Results for Package DOPE

Last updated on 2024-07-14 05:53:30 CEST.

Flavor Version Tinstall Tcheck Ttotal Status Flags
r-devel-linux-x86_64-debian-clang 2.1.0 12.42 124.35 136.77 OK
r-devel-linux-x86_64-debian-gcc 2.1.0 8.64 92.46 101.10 OK
r-devel-linux-x86_64-fedora-clang 2.1.0 165.85 NOTE
r-devel-linux-x86_64-fedora-gcc 2.1.0 171.77 NOTE
r-devel-windows-x86_64 2.1.0 10.00 104.00 114.00 OK
r-patched-linux-x86_64 2.1.0 9.22 118.90 128.12 OK
r-release-linux-x86_64 2.1.0 11.37 117.12 128.49 OK
r-release-macos-arm64 2.1.0 60.00 OK
r-release-macos-x86_64 2.1.0 87.00 OK
r-release-windows-x86_64 2.1.0 11.00 103.00 114.00 OK
r-oldrel-macos-arm64 2.1.0 67.00 OK
r-oldrel-macos-x86_64 2.1.0 98.00 OK
r-oldrel-windows-x86_64 2.1.0 14.00 127.00 141.00 OK

Check Details

Version: 2.1.0
Check: data for non-ASCII characters
Result: NOTE Note: found 100 marked UTF-8 strings Flavors: r-devel-linux-x86_64-fedora-clang, r-devel-linux-x86_64-fedora-gcc