CRAN Package Check Results for Package DRDID

Last updated on 2024-06-15 06:49:44 CEST.

Flavor Version Tinstall Tcheck Ttotal Status Flags
r-devel-linux-x86_64-debian-clang 1.0.6 5.59 130.15 135.74 OK
r-devel-linux-x86_64-debian-gcc 1.0.6 4.96 89.94 94.90 OK
r-devel-linux-x86_64-fedora-clang 1.0.6 161.39 OK
r-devel-linux-x86_64-fedora-gcc 1.0.6 161.26 OK
r-devel-windows-x86_64 1.0.6 8.00 114.00 122.00 OK
r-patched-linux-x86_64 1.0.6 7.86 122.50 130.36 OK
r-release-linux-x86_64 1.0.6 7.05 121.01 128.06 OK
r-release-macos-arm64 1.0.6 41.00 OK
r-release-macos-x86_64 1.0.6 77.00 OK
r-release-windows-x86_64 1.0.6 8.00 163.00 171.00 WARN
r-oldrel-macos-arm64 1.0.6 48.00 OK
r-oldrel-macos-x86_64 1.0.6 135.00 OK
r-oldrel-windows-x86_64 1.0.6 9.00 134.00 143.00 OK

Check Details

Version: 1.0.6
Check: PDF version of manual
Result: WARN LaTeX errors when creating PDF version. This typically indicates Rd problems. LaTeX errors found: Flavor: r-release-windows-x86_64