CRAN Package Check Results for Package DataLoader

Last updated on 2025-01-16 04:49:23 CET.

Flavor Version Tinstall Tcheck Ttotal Status Flags
r-devel-linux-x86_64-debian-clang 1.3 6.99 62.72 69.71 OK
r-devel-linux-x86_64-debian-gcc 1.3 6.70 48.05 54.75 OK
r-devel-linux-x86_64-fedora-clang 1.3 114.37 OK
r-devel-linux-x86_64-fedora-gcc 1.3 113.26 OK
r-devel-windows-x86_64 1.3 8.00 68.00 76.00 OK
r-patched-linux-x86_64 1.3 7.34 60.36 67.70 NOTE
r-release-linux-x86_64 1.3 7.49 60.44 67.93 NOTE
r-release-macos-arm64 1.3 30.00 NOTE
r-release-macos-x86_64 1.3 44.00 NOTE
r-release-windows-x86_64 1.3 8.00 66.00 74.00 NOTE
r-oldrel-macos-arm64 1.3 36.00 NOTE
r-oldrel-macos-x86_64 1.3 44.00 NOTE
r-oldrel-windows-x86_64 1.3 10.00 73.00 83.00 NOTE

Check Details

Version: 1.3
Check: LazyData
Result: NOTE 'LazyData' is specified without a 'data' directory Flavors: r-patched-linux-x86_64, r-release-linux-x86_64, r-release-macos-arm64, r-release-macos-x86_64, r-release-windows-x86_64, r-oldrel-macos-arm64, r-oldrel-macos-x86_64, r-oldrel-windows-x86_64