CRAN Package Check Results for Package DemoKin

Last updated on 2024-07-21 05:57:33 CEST.

Flavor Version Tinstall Tcheck Ttotal Status Flags
r-devel-linux-x86_64-debian-clang 1.0.3 4.43 473.19 477.62 NOTE
r-devel-linux-x86_64-debian-gcc 1.0.3 4.25 402.30 406.55 NOTE
r-devel-linux-x86_64-fedora-clang 1.0.3 633.24 NOTE
r-devel-linux-x86_64-fedora-gcc 1.0.3 659.42 NOTE
r-devel-windows-x86_64 1.0.3 6.00 362.00 368.00 NOTE
r-patched-linux-x86_64 1.0.3 6.44 504.84 511.28 NOTE
r-release-linux-x86_64 1.0.3 3.46 524.40 527.86 NOTE
r-release-macos-arm64 1.0.3 160.00 NOTE
r-release-macos-x86_64 1.0.3 260.00 NOTE
r-release-windows-x86_64 1.0.3 6.00 361.00 367.00 NOTE
r-oldrel-macos-arm64 1.0.3 166.00 NOTE
r-oldrel-macos-x86_64 1.0.3 339.00 NOTE
r-oldrel-windows-x86_64 1.0.3 8.00 439.00 447.00 NOTE

Check Details

Version: 1.0.3
Check: Rd files
Result: NOTE checkRd: (-1) kin.Rd:49-50: Lost braces in \itemize; \value handles \item{}{} directly checkRd: (-1) kin.Rd:51-52: Lost braces in \itemize; \value handles \item{}{} directly checkRd: (-1) kin.Rd:53-61: Lost braces 53 | {\itemize{ | ^ checkRd: (-1) kin.Rd:54: Lost braces in \itemize; \value handles \item{}{} directly checkRd: (-1) kin.Rd:55: Lost braces in \itemize; \value handles \item{}{} directly checkRd: (-1) kin.Rd:56: Lost braces in \itemize; \value handles \item{}{} directly checkRd: (-1) kin.Rd:57: Lost braces in \itemize; \value handles \item{}{} directly checkRd: (-1) kin.Rd:58: Lost braces in \itemize; \value handles \item{}{} directly checkRd: (-1) kin.Rd:59: Lost braces in \itemize; \value handles \item{}{} directly checkRd: (-1) kin2sex.Rd:56-57: Lost braces in \itemize; \value handles \item{}{} directly checkRd: (-1) kin2sex.Rd:58: Lost braces in \itemize; \value handles \item{}{} directly checkRd: (-1) kin2sex.Rd:59-67: Lost braces 59 | {\itemize{ | ^ checkRd: (-1) kin2sex.Rd:60: Lost braces in \itemize; \value handles \item{}{} directly checkRd: (-1) kin2sex.Rd:61: Lost braces in \itemize; \value handles \item{}{} directly checkRd: (-1) kin2sex.Rd:62: Lost braces in \itemize; \value handles \item{}{} directly checkRd: (-1) kin2sex.Rd:63: Lost braces in \itemize; \value handles \item{}{} directly checkRd: (-1) kin2sex.Rd:64: Lost braces in \itemize; \value handles \item{}{} directly checkRd: (-1) kin2sex.Rd:65: Lost braces in \itemize; \value handles \item{}{} directly Flavors: r-devel-linux-x86_64-debian-clang, r-devel-linux-x86_64-debian-gcc, r-devel-linux-x86_64-fedora-clang, r-devel-linux-x86_64-fedora-gcc, r-devel-windows-x86_64, r-patched-linux-x86_64, r-release-linux-x86_64, r-release-macos-arm64, r-release-macos-x86_64, r-release-windows-x86_64

Version: 1.0.3
Check: installed package size
Result: NOTE installed size is 5.8Mb sub-directories of 1Mb or more: data 1.2Mb doc 3.1Mb help 1.3Mb Flavors: r-devel-linux-x86_64-fedora-clang, r-devel-windows-x86_64, r-release-macos-arm64, r-release-macos-x86_64, r-release-windows-x86_64, r-oldrel-macos-arm64, r-oldrel-macos-x86_64, r-oldrel-windows-x86_64