CRAN Package Check Results for Package EESPCA

Last updated on 2024-07-21 05:57:33 CEST.

Flavor Version Tinstall Tcheck Ttotal Status Flags
r-devel-linux-x86_64-debian-clang 0.7.0 2.85 38.77 41.62 OK
r-devel-linux-x86_64-debian-gcc 0.7.0 2.08 29.04 31.12 NOTE
r-devel-linux-x86_64-fedora-clang 0.7.0 52.76 OK
r-devel-linux-x86_64-fedora-gcc 0.7.0 60.64 OK
r-devel-windows-x86_64 0.7.0 3.00 63.00 66.00 NOTE
r-patched-linux-x86_64 0.7.0 5.20 37.01 42.21 OK
r-release-linux-x86_64 0.7.0 2.64 36.02 38.66 OK
r-release-macos-arm64 0.7.0 25.00 OK
r-release-macos-x86_64 0.7.0 40.00 OK
r-release-windows-x86_64 0.7.0 3.00 62.00 65.00 OK
r-oldrel-macos-arm64 0.7.0 26.00 OK
r-oldrel-macos-x86_64 0.7.0 38.00 OK
r-oldrel-windows-x86_64 0.7.0 4.00 60.00 64.00 OK

Check Details

Version: 0.7.0
Check: Rd cross-references
Result: NOTE Found the following Rd file(s) with Rd \link{} targets missing package anchors: EESPCACV.Rd: PMA RifleInit.Rd: rifle RiflePCACV.Rd: rifle, PMA TpowerPCACV.Rd: PMA Please provide package anchors for all Rd \link{} targets not in the package itself and the base packages. Flavors: r-devel-linux-x86_64-debian-gcc, r-devel-windows-x86_64