CRAN Package Check Results for Package EGAnet

Last updated on 2024-06-13 06:58:00 CEST.

Flavor Version Tinstall Tcheck Ttotal Status Flags
r-devel-linux-x86_64-debian-clang 2.0.6 19.36 130.21 149.57 OK
r-devel-linux-x86_64-debian-gcc 2.0.6 0.61 1.65 2.26 ERROR
r-devel-linux-x86_64-fedora-clang 2.0.6 183.23 OK
r-devel-linux-x86_64-fedora-gcc 2.0.6 170.49 OK
r-devel-windows-x86_64 2.0.6 20.00 123.00 143.00 OK
r-patched-linux-x86_64 2.0.6 22.57 122.67 145.24 OK
r-release-linux-x86_64 2.0.6 15.57 121.96 137.53 OK
r-release-macos-arm64 2.0.6 51.00 OK
r-release-macos-x86_64 2.0.6 69.00 OK
r-release-windows-x86_64 2.0.6 21.00 126.00 147.00 OK
r-oldrel-macos-arm64 2.0.6 47.00 OK
r-oldrel-macos-x86_64 2.0.6 87.00 OK
r-oldrel-windows-x86_64 2.0.6 25.00 160.00 185.00 OK

Check Details

Version: 2.0.6
Check: package dependencies
Result: ERROR Packages required but not available: 'dendextend', 'fungible', 'GGally', 'ggplot2', 'ggpubr', 'igraph', 'network', 'qgraph', 'semPlot', 'sna' Package suggested but not available for checking: ‘progress’ See section ‘The DESCRIPTION file’ in the ‘Writing R Extensions’ manual. Flavor: r-devel-linux-x86_64-debian-gcc