CRAN Package Check Results for Package EMbC

Last updated on 2024-06-15 06:49:44 CEST.

Flavor Version Tinstall Tcheck Ttotal Status Flags
r-devel-linux-x86_64-debian-clang 2.0.4 40.73 121.77 162.50 OK
r-devel-linux-x86_64-debian-gcc 2.0.4 29.27 89.47 118.74 OK
r-devel-linux-x86_64-fedora-clang 2.0.4 209.98 OK
r-devel-linux-x86_64-fedora-gcc 2.0.4 216.00 OK
r-devel-windows-x86_64 2.0.4 35.00 185.00 220.00 OK
r-patched-linux-x86_64 2.0.4 34.36 115.31 149.67 OK
r-release-linux-x86_64 2.0.4 35.00 117.01 152.01 OK
r-release-macos-arm64 2.0.4 61.00 OK
r-release-macos-x86_64 2.0.4 95.00 OK
r-release-windows-x86_64 2.0.4 34.00 210.00 244.00 FAIL
r-oldrel-macos-arm64 2.0.4 161.00 OK
r-oldrel-macos-x86_64 2.0.4 135.00 OK
r-oldrel-windows-x86_64 2.0.4 43.00 191.00 234.00 OK

Check Details

Version: 2.0.4
Check: re-building of vignette outputs
Result: ERROR Error(s) in re-building vignettes: --- re-building 'EMbC_qckref.Rmd' using rmarkdown Entschuldigung, aber "C:\Program Files\MiKTeX\miktex\bin\x64\pdftex.exe" schlug fehl. Die Log-Datei enthält hoffentlich alle Informationen, um MiKTeX wieder in Gang zu bringen. C:\Users\CRAN\AppData\Local\MiKTeX\miktex\log\pdftex.log !!! Error: pdfTeX run failed with value 1! Entschuldigung, aber pdfcrop.exe schlug fehl. Die Log-Datei enthält hoffentlich alle Informationen, um MiKTeX wieder in Gang zu bringen. C:\Users\CRAN\AppData\Local\MiKTeX\miktex\log\pdfcrop.log !!! Error: Ghostscript exited with error code 127! Warning in system2("pdfcrop", shQuote(c(x, x)), stdout = if (quiet) FALSE else "") : Exit code was 127 1 [main] perl 64880 dofork: child -1 - CreateProcessW failed for 'd:\rtools44\usr\bin\perl.exe', errno 11 Can't fork, trying again in 5 seconds at C:/Program Files/MiKTeX/scripts/pdfcrop/pdfcrop.pl line 1092. ! ERROR: bad allocation ! Entschuldigung, aber C:\PROGRA~1\MiKTeX\miktex\bin\x64\pdflatex.exe schlug fehl. Error: processing vignette 'EMbC_qckref.Rmd' failed with diagnostics: LaTeX failed to compile D:/RCompile/CRANpkg/local/4.4/EMbC.Rcheck/vign_test/EMbC/vignettes/EMbC_qckref.tex. See https://yihui.org/tinytex/r/#debugging for debugging tips. See EMbC_qckref.log for more info. --- failed re-building 'EMbC_qckref.Rmd' SUMMARY: processing the following file failed: 'EMbC_qckref.Rmd' Error: Vignette re-building failed. Execution halted Flavor: r-release-windows-x86_64

Version: 2.0.4
Check: PDF version of manual
Result: WARN LaTeX errors when creating PDF version. This typically indicates Rd problems. LaTeX errors found: Flavor: r-release-windows-x86_64

Version: 2.0.4
Check: PDF version of manual without index
Result: ERROR Re-running with no redirection of stdout/stderr. Flavor: r-release-windows-x86_64

Version: 2.0.4
Check: HTML version of manual
Result: FAIL
Flavor: r-release-windows-x86_64