CRAN Package Check Results for Package EpiReport

Last updated on 2024-07-16 05:55:50 CEST.

Flavor Version Tinstall Tcheck Ttotal Status Flags
r-devel-linux-x86_64-debian-clang 1.0.2 7.60 114.93 122.53 NOTE
r-devel-linux-x86_64-debian-gcc 1.0.2 7.58 85.12 92.70 NOTE
r-devel-linux-x86_64-fedora-clang 1.0.2 156.61 NOTE
r-devel-linux-x86_64-fedora-gcc 1.0.2 162.40 NOTE
r-devel-windows-x86_64 1.0.2 9.00 105.00 114.00 NOTE
r-patched-linux-x86_64 1.0.2 18.35 111.47 129.82 NOTE
r-release-linux-x86_64 1.0.2 6.06 110.23 116.29 NOTE
r-release-macos-arm64 1.0.2 57.00 NOTE
r-release-macos-x86_64 1.0.2 123.00 NOTE
r-release-windows-x86_64 1.0.2 11.00 104.00 115.00 NOTE
r-oldrel-macos-arm64 1.0.2 51.00 OK
r-oldrel-macos-x86_64 1.0.2 76.00 OK
r-oldrel-windows-x86_64 1.0.2 12.00 122.00 134.00 OK

Check Details

Version: 1.0.2
Check: Rd files
Result: NOTE checkRd: (-1) getAgeGender.Rd:52: Lost braces in \itemize; meant \describe ? checkRd: (-1) getAgeGender.Rd:53: Lost braces in \itemize; meant \describe ? checkRd: (-1) getAgeGender.Rd:54: Lost braces in \itemize; meant \describe ? checkRd: (-1) getAgeGender.Rd:55: Lost braces in \itemize; meant \describe ? checkRd: (-1) getMap.Rd:44-45: Lost braces in \itemize; meant \describe ? checkRd: (-1) getMap.Rd:46-48: Lost braces in \itemize; meant \describe ? checkRd: (-1) getMap.Rd:49-51: Lost braces in \itemize; meant \describe ? checkRd: (-1) getSeason.Rd:55: Lost braces in \itemize; meant \describe ? checkRd: (-1) getSeason.Rd:56: Lost braces in \itemize; meant \describe ? checkRd: (-1) getSeason.Rd:57: Lost braces in \itemize; meant \describe ? checkRd: (-1) getSeason.Rd:58: Lost braces in \itemize; meant \describe ? checkRd: (-1) getTableByMS.Rd:59: Lost braces in \itemize; meant \describe ? checkRd: (-1) getTableByMS.Rd:60: Lost braces in \itemize; meant \describe ? checkRd: (-1) getTableByMS.Rd:61-62: Lost braces in \itemize; meant \describe ? checkRd: (-1) getTrend.Rd:55: Lost braces in \itemize; meant \describe ? checkRd: (-1) getTrend.Rd:56: Lost braces in \itemize; meant \describe ? checkRd: (-1) plotAgeGender.Rd:45: Lost braces in \itemize; meant \describe ? checkRd: (-1) plotAgeGender.Rd:46: Lost braces in \itemize; meant \describe ? checkRd: (-1) plotAgeGender.Rd:47: Lost braces in \itemize; meant \describe ? checkRd: (-1) plotSeasonality.Rd:42: Lost braces in \itemize; meant \describe ? checkRd: (-1) plotSeasonality.Rd:43: Lost braces in \itemize; meant \describe ? checkRd: (-1) plotSeasonality.Rd:44: Lost braces in \itemize; meant \describe ? checkRd: (-1) plotSeasonality.Rd:45: Lost braces in \itemize; meant \describe ? checkRd: (-1) plotTS12MAvg.Rd:27: Lost braces in \itemize; meant \describe ? checkRd: (-1) plotTS12MAvg.Rd:28: Lost braces in \itemize; meant \describe ? Flavors: r-devel-linux-x86_64-debian-clang, r-devel-linux-x86_64-debian-gcc, r-devel-linux-x86_64-fedora-clang, r-devel-linux-x86_64-fedora-gcc, r-devel-windows-x86_64, r-patched-linux-x86_64, r-release-linux-x86_64, r-release-macos-arm64, r-release-macos-x86_64, r-release-windows-x86_64

Version: 1.0.2
Check: Rd cross-references
Result: NOTE Found the following Rd file(s) with Rd \link{} targets missing package anchors: getAgeGender.Rd: ggplot2, officer getMap.Rd: officer getSeason.Rd: ggplot2, officer getTableByMS.Rd: flextable, officer getTrend.Rd: ggplot2, officer plotAge.Rd: ggplot2 plotAgeGender.Rd: ggplot2 plotBar.Rd: ggplot2 plotBarGrouped.Rd: ggplot2 plotBarGroupedH.Rd: ggplot2 plotBarH.Rd: ggplot2 plotPie.Rd: ggplot2 plotSeasonality.Rd: ggplot2 plotTS.Rd: ggplot2 plotTS12MAvg.Rd: ggplot2 plotTSGrouped.Rd: ggplot2 shapeECDCFlexTable.Rd: set_header_df, flextable Please provide package anchors for all Rd \link{} targets not in the package itself and the base packages. Flavor: r-devel-windows-x86_64