CRAN Package Check Results for Package ForestDisc

Last updated on 2024-07-20 06:49:19 CEST.

Flavor Version Tinstall Tcheck Ttotal Status Flags
r-devel-linux-x86_64-debian-clang 0.1.0 2.45 32.56 35.01 NOTE
r-devel-linux-x86_64-debian-gcc 0.1.0 1.90 23.60 25.50 NOTE
r-devel-linux-x86_64-fedora-clang 0.1.0 44.40 NOTE
r-devel-linux-x86_64-fedora-gcc 0.1.0 40.77 NOTE
r-devel-windows-x86_64 0.1.0 3.00 44.00 47.00 NOTE
r-patched-linux-x86_64 0.1.0 1.93 29.93 31.86 NOTE
r-release-linux-x86_64 0.1.0 2.23 30.58 32.81 NOTE
r-release-macos-arm64 0.1.0 16.00 NOTE
r-release-macos-x86_64 0.1.0 23.00 NOTE
r-release-windows-x86_64 0.1.0 3.00 44.00 47.00 NOTE
r-oldrel-macos-arm64 0.1.0 19.00 NOTE
r-oldrel-macos-x86_64 0.1.0 23.00 NOTE
r-oldrel-windows-x86_64 0.1.0 3.00 44.00 47.00 NOTE

Check Details

Version: 0.1.0
Check: LazyData
Result: NOTE 'LazyData' is specified without a 'data' directory Flavors: r-devel-linux-x86_64-debian-clang, r-devel-linux-x86_64-debian-gcc, r-devel-linux-x86_64-fedora-clang, r-devel-linux-x86_64-fedora-gcc, r-devel-windows-x86_64, r-patched-linux-x86_64, r-release-linux-x86_64, r-release-macos-arm64, r-release-macos-x86_64, r-release-windows-x86_64, r-oldrel-macos-arm64, r-oldrel-macos-x86_64, r-oldrel-windows-x86_64