CRAN Package Check Results for Package GADAG

Last updated on 2024-07-20 06:49:19 CEST.

Flavor Version Tinstall Tcheck Ttotal Status Flags
r-devel-linux-x86_64-debian-clang 0.99.0 30.66 43.03 73.69 NOTE
r-devel-linux-x86_64-debian-gcc 0.99.0 18.22 32.38 50.60 NOTE
r-devel-linux-x86_64-fedora-clang 0.99.0 108.35 NOTE
r-devel-linux-x86_64-fedora-gcc 0.99.0 105.85 NOTE
r-devel-windows-x86_64 0.99.0 25.00 69.00 94.00 NOTE
r-patched-linux-x86_64 0.99.0 29.72 40.42 70.14 NOTE
r-release-linux-x86_64 0.99.0 31.90 42.01 73.91 NOTE
r-release-macos-arm64 0.99.0 30.00 NOTE
r-release-macos-x86_64 0.99.0 46.00 NOTE
r-release-windows-x86_64 0.99.0 31.00 68.00 99.00 NOTE
r-oldrel-macos-arm64 0.99.0 34.00 OK
r-oldrel-macos-x86_64 0.99.0 46.00 OK
r-oldrel-windows-x86_64 0.99.0 37.00 78.00 115.00 OK

Check Details

Version: 0.99.0
Check: Rd files
Result: NOTE checkRd: (-1) GADAG_Run.Rd:22: Lost braces in \itemize; meant \describe ? checkRd: (-1) GADAG_Run.Rd:23: Lost braces in \itemize; meant \describe ? checkRd: (-1) GADAG_Run.Rd:24: Lost braces in \itemize; meant \describe ? checkRd: (-1) GADAG_Run.Rd:25: Lost braces in \itemize; meant \describe ? checkRd: (-1) GADAG_Run.Rd:26: Lost braces in \itemize; meant \describe ? checkRd: (-1) GADAG_Run.Rd:27: Lost braces in \itemize; meant \describe ? checkRd: (-1) GADAG_Run.Rd:32: Lost braces in \itemize; meant \describe ? checkRd: (-1) GADAG_Run.Rd:33: Lost braces in \itemize; meant \describe ? checkRd: (-1) GADAG_Run.Rd:45: Lost braces in \itemize; \value handles \item{}{} directly checkRd: (-1) GADAG_Run.Rd:46: Lost braces in \itemize; \value handles \item{}{} directly checkRd: (-1) GADAG_Run.Rd:47: Lost braces in \itemize; \value handles \item{}{} directly checkRd: (-1) GADAG_Run.Rd:48: Lost braces in \itemize; \value handles \item{}{} directly checkRd: (-1) GADAG_Run.Rd:49: Lost braces in \itemize; \value handles \item{}{} directly checkRd: (-1) GADAG_Run.Rd:50: Lost braces in \itemize; \value handles \item{}{} directly checkRd: (-1) GADAG_Run.Rd:51: Lost braces in \itemize; \value handles \item{}{} directly checkRd: (-1) GADAG_Run.Rd:52: Lost braces in \itemize; \value handles \item{}{} directly checkRd: (-1) GADAG_Run.Rd:53: Lost braces in \itemize; \value handles \item{}{} directly checkRd: (-1) GADAG_Run.Rd:54: Lost braces in \itemize; \value handles \item{}{} directly checkRd: (-1) GADAG_Run.Rd:55: Lost braces in \itemize; \value handles \item{}{} directly checkRd: (-1) GADAG_Run.Rd:56: Lost braces in \itemize; \value handles \item{}{} directly checkRd: (-1) evaluation.Rd:21: Lost braces in \itemize; meant \describe ? checkRd: (-1) evaluation.Rd:22: Lost braces in \itemize; meant \describe ? checkRd: (-1) evaluation.Rd:30: Lost braces in \itemize; \value handles \item{}{} directly checkRd: (-1) evaluation.Rd:31: Lost braces in \itemize; \value handles \item{}{} directly checkRd: (-1) evaluation.Rd:36: Lost braces in \itemize; \value handles \item{}{} directly checkRd: (-1) evaluation.Rd:37: Lost braces in \itemize; \value handles \item{}{} directly checkRd: (-1) generateToyData.Rd:29: Lost braces in \itemize; meant \describe ? checkRd: (-1) generateToyData.Rd:30: Lost braces in \itemize; meant \describe ? checkRd: (-1) generateToyData.Rd:31: Lost braces in \itemize; meant \describe ? checkRd: (-1) generateToyData.Rd:32: Lost braces in \itemize; meant \describe ? checkRd: (-1) generateToyData.Rd:33: Lost braces in \itemize; meant \describe ? checkRd: (-1) generateToyData.Rd:34: Lost braces in \itemize; meant \describe ? Flavors: r-devel-linux-x86_64-debian-clang, r-devel-linux-x86_64-debian-gcc, r-devel-linux-x86_64-fedora-clang, r-devel-linux-x86_64-fedora-gcc, r-devel-windows-x86_64, r-patched-linux-x86_64, r-release-linux-x86_64, r-release-macos-arm64, r-release-macos-x86_64, r-release-windows-x86_64