Last updated on 2025-01-16 04:49:26 CET.
Flavor | Version | Tinstall | Tcheck | Ttotal | Status | Flags |
---|---|---|---|---|---|---|
r-devel-linux-x86_64-debian-clang | 1.5 | 8.69 | 104.92 | 113.61 | OK | |
r-devel-linux-x86_64-debian-gcc | 1.5 | 6.23 | 73.34 | 79.57 | OK | |
r-devel-linux-x86_64-fedora-clang | 1.5 | 191.38 | OK | |||
r-devel-linux-x86_64-fedora-gcc | 1.5 | 198.87 | OK | |||
r-devel-windows-x86_64 | 1.5 | 14.00 | 113.00 | 127.00 | OK | |
r-patched-linux-x86_64 | 1.5 | 7.69 | 95.18 | 102.87 | OK | |
r-release-linux-x86_64 | 1.5 | 7.67 | 95.60 | 103.27 | OK | |
r-release-macos-arm64 | 1.5 | 58.00 | OK | |||
r-release-macos-x86_64 | 1.5 | 138.00 | NOTE | |||
r-release-windows-x86_64 | 1.5 | 11.00 | 112.00 | 123.00 | OK | |
r-oldrel-macos-arm64 | 1.5 | 75.00 | OK | |||
r-oldrel-macos-x86_64 | 1.5 | 205.00 | NOTE | |||
r-oldrel-windows-x86_64 | 1.5 | 12.00 | 136.00 | 148.00 | OK |
Version: 1.5
Check: installed package size
Result: NOTE
installed size is 5.2Mb
sub-directories of 1Mb or more:
data 2.6Mb
doc 2.0Mb
Flavors: r-release-macos-x86_64, r-oldrel-macos-x86_64