CRAN Package Check Results for Package GeneralizedHyperbolic

Last updated on 2024-07-21 05:57:35 CEST.

Flavor Version Tinstall Tcheck Ttotal Status Flags
r-devel-linux-x86_64-debian-clang 0.8-6 10.77 104.87 115.64 OK
r-devel-linux-x86_64-debian-gcc 0.8-6 8.70 72.90 81.60 NOTE
r-devel-linux-x86_64-fedora-clang 0.8-6 138.68 OK
r-devel-linux-x86_64-fedora-gcc 0.8-6 131.30 OK
r-devel-windows-x86_64 0.8-6 11.00 100.00 111.00 NOTE
r-patched-linux-x86_64 0.8-6 16.77 100.17 116.94 OK
r-release-linux-x86_64 0.8-6 10.54 99.43 109.97 OK
r-release-macos-arm64 0.8-6 37.00 OK
r-release-macos-x86_64 0.8-6 57.00 OK
r-release-windows-x86_64 0.8-6 10.00 98.00 108.00 OK
r-oldrel-macos-arm64 0.8-6 42.00 OK
r-oldrel-macos-x86_64 0.8-6 109.00 OK
r-oldrel-windows-x86_64 0.8-6 13.00 117.00 130.00 OK

Check Details

Version: 0.8-6
Check: Rd cross-references
Result: NOTE Found the following Rd file(s) with Rd \link{} targets missing package anchors: summary.hyperblm.Rd: tsHessian Please provide package anchors for all Rd \link{} targets not in the package itself and the base packages. Flavors: r-devel-linux-x86_64-debian-gcc, r-devel-windows-x86_64