CRAN Package Check Results for Package HCR

Last updated on 2024-07-21 05:57:36 CEST.

Flavor Version Tinstall Tcheck Ttotal Status Flags
r-devel-linux-x86_64-debian-clang 0.1.1 2.83 36.20 39.03 NOTE
r-devel-linux-x86_64-debian-gcc 0.1.1 1.99 27.18 29.17 NOTE
r-devel-linux-x86_64-fedora-clang 0.1.1 50.06 NOTE
r-devel-linux-x86_64-fedora-gcc 0.1.1 47.53 NOTE
r-devel-windows-x86_64 0.1.1 3.00 47.00 50.00 NOTE
r-patched-linux-x86_64 0.1.1 2.64 34.66 37.30 NOTE
r-release-linux-x86_64 0.1.1 2.87 34.77 37.64 NOTE
r-release-macos-arm64 0.1.1 17.00 NOTE
r-release-macos-x86_64 0.1.1 30.00 NOTE
r-release-windows-x86_64 0.1.1 4.00 47.00 51.00 NOTE
r-oldrel-macos-arm64 0.1.1 20.00 NOTE
r-oldrel-macos-x86_64 0.1.1 28.00 NOTE
r-oldrel-windows-x86_64 0.1.1 3.00 51.00 54.00 NOTE

Check Details

Version: 0.1.1
Check: LazyData
Result: NOTE 'LazyData' is specified without a 'data' directory Flavors: r-devel-linux-x86_64-debian-clang, r-devel-linux-x86_64-debian-gcc, r-devel-linux-x86_64-fedora-clang, r-devel-linux-x86_64-fedora-gcc, r-devel-windows-x86_64, r-patched-linux-x86_64, r-release-linux-x86_64, r-release-macos-arm64, r-release-macos-x86_64, r-release-windows-x86_64, r-oldrel-macos-arm64, r-oldrel-macos-x86_64, r-oldrel-windows-x86_64