CRAN Package Check Results for Package IRISSeismic

Last updated on 2024-07-16 05:55:54 CEST.

Flavor Version Tinstall Tcheck Ttotal Status Flags
r-devel-linux-x86_64-debian-clang 1.6.6 19.00 84.14 103.14 NOTE
r-devel-linux-x86_64-debian-gcc 1.6.6 13.89 60.58 74.47 NOTE
r-devel-linux-x86_64-fedora-clang 1.6.6 123.27 NOTE
r-devel-linux-x86_64-fedora-gcc 1.6.6 134.47 NOTE
r-devel-windows-x86_64 1.6.6 46.00 196.00 242.00 NOTE
r-patched-linux-x86_64 1.6.6 18.24 79.07 97.31 NOTE
r-release-linux-x86_64 1.6.6 16.86 79.58 96.44 NOTE
r-release-macos-arm64 1.6.6 143.00 NOTE
r-release-macos-x86_64 1.6.6 166.00 NOTE
r-release-windows-x86_64 1.6.6 43.00 121.00 164.00 NOTE
r-oldrel-macos-arm64 1.6.6 145.00 OK
r-oldrel-macos-x86_64 1.6.6 174.00 OK
r-oldrel-windows-x86_64 1.6.6 54.00 132.00 186.00 OK

Check Details

Version: 1.6.6
Check: Rd files
Result: NOTE checkRd: (-1) getTimeseries.Rd:30: Lost braces 30 | \code{processing}{optional character string with processing commands } | ^ checkRd: (-1) mergeTraces.Rd:27: Lost braces in \itemize; meant \describe ? checkRd: (-1) mergeTraces.Rd:28: Lost braces in \itemize; meant \describe ? checkRd: (-1) psdStatistics.Rd:26: Lost braces in \itemize; \value handles \item{}{} directly checkRd: (-1) psdStatistics.Rd:27: Lost braces in \itemize; \value handles \item{}{} directly checkRd: (-1) psdStatistics.Rd:28: Lost braces in \itemize; \value handles \item{}{} directly checkRd: (-1) psdStatistics.Rd:29: Lost braces in \itemize; \value handles \item{}{} directly checkRd: (-1) psdStatistics.Rd:30: Lost braces in \itemize; \value handles \item{}{} directly checkRd: (-1) psdStatistics.Rd:31: Lost braces in \itemize; \value handles \item{}{} directly checkRd: (-1) psdStatistics.Rd:32: Lost braces in \itemize; \value handles \item{}{} directly checkRd: (-1) psdStatistics.Rd:33: Lost braces in \itemize; \value handles \item{}{} directly checkRd: (-1) psdStatistics.Rd:34: Lost braces in \itemize; \value handles \item{}{} directly checkRd: (-1) psdStatistics.Rd:35: Lost braces in \itemize; \value handles \item{}{} directly checkRd: (-1) psdStatistics.Rd:36: Lost braces in \itemize; \value handles \item{}{} directly checkRd: (-1) psdStatistics.Rd:37: Lost braces in \itemize; \value handles \item{}{} directly checkRd: (-1) psdStatistics.Rd:38: Lost braces in \itemize; \value handles \item{}{} directly Flavors: r-devel-linux-x86_64-debian-clang, r-devel-linux-x86_64-debian-gcc, r-devel-linux-x86_64-fedora-clang, r-devel-linux-x86_64-fedora-gcc, r-devel-windows-x86_64, r-patched-linux-x86_64, r-release-linux-x86_64, r-release-macos-arm64, r-release-macos-x86_64, r-release-windows-x86_64