CRAN Package Check Results for Package InjurySeverityScore

Last updated on 2024-07-25 05:55:00 CEST.

Flavor Version Tinstall Tcheck Ttotal Status Flags
r-devel-linux-x86_64-debian-clang 0.0.0.2 2.17 23.97 26.14 NOTE
r-devel-linux-x86_64-debian-gcc 0.0.0.2 1.65 18.02 19.67 NOTE
r-devel-linux-x86_64-fedora-clang 0.0.0.2 32.32 NOTE
r-devel-linux-x86_64-fedora-gcc 0.0.0.2 31.00 NOTE
r-devel-windows-x86_64 0.0.0.2 4.00 40.00 44.00 NOTE
r-patched-linux-x86_64 0.0.0.2 1.60 21.78 23.38 NOTE
r-release-linux-x86_64 0.0.0.2 1.25 22.37 23.62 NOTE
r-release-macos-arm64 0.0.0.2 14.00 NOTE
r-release-macos-x86_64 0.0.0.2 21.00 NOTE
r-release-windows-x86_64 0.0.0.2 3.00 40.00 43.00 NOTE
r-oldrel-macos-arm64 0.0.0.2 17.00 NOTE
r-oldrel-macos-x86_64 0.0.0.2 21.00 NOTE
r-oldrel-windows-x86_64 0.0.0.2 3.00 40.00 43.00 NOTE

Check Details

Version: 0.0.0.2
Check: LazyData
Result: NOTE 'LazyData' is specified without a 'data' directory Flavors: r-devel-linux-x86_64-debian-clang, r-devel-linux-x86_64-debian-gcc, r-devel-linux-x86_64-fedora-clang, r-devel-linux-x86_64-fedora-gcc, r-devel-windows-x86_64, r-patched-linux-x86_64, r-release-linux-x86_64, r-release-macos-arm64, r-release-macos-x86_64, r-release-windows-x86_64, r-oldrel-macos-arm64, r-oldrel-macos-x86_64, r-oldrel-windows-x86_64