CRAN Package Check Results for Package JFE

Last updated on 2024-07-23 05:57:34 CEST.

Flavor Version Tinstall Tcheck Ttotal Status Flags
r-devel-linux-x86_64-debian-clang 2.5.7 5.14 51.38 56.52 ERROR
r-devel-linux-x86_64-debian-gcc 2.5.7 3.61 38.30 41.91 OK
r-devel-linux-x86_64-fedora-clang 2.5.7 69.53 OK
r-devel-linux-x86_64-fedora-gcc 2.5.7 66.97 OK
r-devel-windows-x86_64 2.5.7 4.00 69.00 73.00 OK
r-patched-linux-x86_64 2.5.7 4.69 49.32 54.01 OK
r-release-linux-x86_64 2.5.7 3.77 47.73 51.50 OK
r-release-macos-arm64 2.5.7 29.00 OK
r-release-macos-x86_64 2.5.7 68.00 OK
r-release-windows-x86_64 2.5.7 5.00 69.00 74.00 OK
r-oldrel-macos-arm64 2.5.7 37.00 OK
r-oldrel-macos-x86_64 2.5.7 56.00 OK
r-oldrel-windows-x86_64 2.5.7 7.00 76.00 83.00 OK

Check Details

Version: 2.5.7
Check: examples
Result: ERROR Running examples in ‘JFE-Ex.R’ failed The error most likely occurred in: > base::assign(".ptime", proc.time(), pos = "CheckExEnv") > ### Name: getFrench.Factors > ### Title: Download seven asset pricing factors data from the data library > ### of Dr. French > ### Aliases: getFrench.Factors > > ### ** Examples > > > getFrench.Factors(filename="F-F_Research_Data_Factors") trying URL 'http://mba.tuck.dartmouth.edu/pages/faculty/ken.french/ftp/F-F_Research_Data_Factors_CSV.zip' Content type 'text/html' length 2942 bytes ================================================== downloaded 2942 bytes Warning in open.connection(file, "rt") : cannot open zip file '/home/hornik/tmp/R.check/r-devel-clang/Work/PKGS/JFE.Rcheck/file15a5fe4e5a25ba.zip' Error in open.connection(file, "rt") : cannot open the connection Calls: getFrench.Factors -> read.csv -> read.table -> open -> open.connection Execution halted Flavor: r-devel-linux-x86_64-debian-clang

Version: 2.5.7
Check: for non-standard things in the check directory
Result: NOTE Found the following files/directories: ‘file15a5fe4e5a25ba.zip’ Flavor: r-devel-linux-x86_64-debian-clang