CRAN Package Check Results for Package LMMsolver

Last updated on 2024-07-14 05:53:35 CEST.

Flavor Version Tinstall Tcheck Ttotal Status Flags
r-devel-linux-x86_64-debian-clang 1.0.7 55.44 81.37 136.81 OK
r-devel-linux-x86_64-debian-gcc 1.0.7 38.03 61.40 99.43 OK
r-devel-linux-x86_64-fedora-clang 1.0.7 186.60 NOTE
r-devel-linux-x86_64-fedora-gcc 1.0.7 196.57 NOTE
r-devel-windows-x86_64 1.0.7 44.00 95.00 139.00 OK
r-patched-linux-x86_64 1.0.7 42.21 77.93 120.14 OK
r-release-linux-x86_64 1.0.7 47.39 76.90 124.29 OK
r-release-macos-arm64 1.0.7 54.00 OK
r-release-macos-x86_64 1.0.7 76.00 OK
r-release-windows-x86_64 1.0.7 45.00 101.00 146.00 OK
r-oldrel-macos-arm64 1.0.7 56.00 OK
r-oldrel-macos-x86_64 1.0.7 97.00 OK
r-oldrel-windows-x86_64 1.0.7 55.00 117.00 172.00 OK

Check Details

Version: 1.0.7
Check: dependencies in R code
Result: NOTE Namespaces in Imports field not imported from: ‘agridat’ ‘ggplot2’ ‘maps’ ‘sf’ All declared Imports should be used. Flavors: r-devel-linux-x86_64-fedora-clang, r-devel-linux-x86_64-fedora-gcc