CRAN Package Check Results for Package LNIRT

Last updated on 2024-06-13 06:58:07 CEST.

Flavor Version Tinstall Tcheck Ttotal Status Flags
r-devel-linux-x86_64-debian-clang 0.5.1 9.91 56.07 65.98 OK
r-devel-linux-x86_64-debian-gcc 0.5.1 8.50 40.14 48.64 NOTE
r-devel-linux-x86_64-fedora-clang 0.5.1 81.43 OK
r-devel-linux-x86_64-fedora-gcc 0.5.1 76.24 OK
r-devel-windows-x86_64 0.5.1 10.00 57.00 67.00 OK
r-patched-linux-x86_64 0.5.1 12.23 53.86 66.09 OK
r-release-linux-x86_64 0.5.1 8.78 52.92 61.70 OK
r-release-macos-arm64 0.5.1 22.00 OK
r-release-macos-x86_64 0.5.1 36.00 OK
r-release-windows-x86_64 0.5.1 10.00 56.00 66.00 OK
r-oldrel-macos-arm64 0.5.1 24.00 OK
r-oldrel-macos-x86_64 0.5.1 39.00 OK
r-oldrel-windows-x86_64 0.5.1 9.00 61.00 70.00 OK

Check Details

Version: 0.5.1
Check: package dependencies
Result: NOTE Package suggested but not available for checking: ‘mcmcse’ Flavor: r-devel-linux-x86_64-debian-gcc