CRAN Package Check Results for Package LWFBrook90R

Last updated on 2024-06-13 06:58:07 CEST.

Flavor Version Tinstall Tcheck Ttotal Status Flags
r-devel-linux-x86_64-debian-clang 0.5.3 17.26 74.86 92.12 OK
r-devel-linux-x86_64-debian-gcc 0.5.3 13.69 52.36 66.05 ERROR
r-devel-linux-x86_64-fedora-clang 0.5.3 118.05 OK
r-devel-linux-x86_64-fedora-gcc 0.5.3 128.41 OK
r-devel-windows-x86_64 0.5.3 16.00 107.00 123.00 OK
r-patched-linux-x86_64 0.5.3 17.83 71.76 89.59 OK
r-release-linux-x86_64 0.5.3 17.65 73.11 90.76 OK
r-release-macos-arm64 0.5.3 49.00 OK
r-release-macos-x86_64 0.5.3 71.00 OK
r-release-windows-x86_64 0.5.3 17.00 110.00 127.00 OK
r-oldrel-macos-arm64 0.5.3 54.00 OK
r-oldrel-macos-x86_64 0.5.3 113.00 OK
r-oldrel-windows-x86_64 0.5.3 21.00 115.00 136.00 OK

Check Details

Version: 0.5.3
Check: package dependencies
Result: NOTE Packages suggested but not available for checking: 'roxygen2', 'testthat' Flavor: r-devel-linux-x86_64-debian-gcc

Version: 0.5.3
Check: tests
Result: ERROR Running ‘testthat.R’ [0s/1s] Running the tests in ‘tests/testthat.R’ failed. Complete output: > library(testthat) Error in library(testthat) : there is no package called 'testthat' Execution halted Flavor: r-devel-linux-x86_64-debian-gcc