CRAN Package Check Results for Package LassoGEE

Last updated on 2024-07-18 06:57:27 CEST.

Flavor Version Tinstall Tcheck Ttotal Status Flags
r-devel-linux-x86_64-debian-clang 1.0 45.92 134.39 180.31 NOTE
r-devel-linux-x86_64-debian-gcc 1.0 31.88 96.47 128.35 NOTE
r-devel-linux-x86_64-fedora-clang 1.0 236.23 NOTE
r-devel-linux-x86_64-fedora-gcc 1.0 217.72 NOTE
r-devel-windows-x86_64 1.0 38.00 123.00 161.00 NOTE
r-patched-linux-x86_64 1.0 30.20 125.52 155.72 NOTE
r-release-linux-x86_64 1.0 29.50 123.72 153.22 NOTE
r-release-macos-arm64 1.0 56.00 NOTE
r-release-macos-x86_64 1.0 81.00 NOTE
r-release-windows-x86_64 1.0 37.00 126.00 163.00 NOTE
r-oldrel-macos-arm64 1.0 68.00 NOTE
r-oldrel-macos-x86_64 1.0 110.00 NOTE
r-oldrel-windows-x86_64 1.0 50.00 154.00 204.00 NOTE

Check Details

Version: 1.0
Check: C++ specification
Result: NOTE Specified C++11: please drop specification unless essential Flavors: r-devel-linux-x86_64-debian-clang, r-devel-linux-x86_64-debian-gcc, r-devel-linux-x86_64-fedora-clang, r-devel-linux-x86_64-fedora-gcc, r-devel-windows-x86_64, r-patched-linux-x86_64, r-release-linux-x86_64, r-release-macos-arm64, r-release-macos-x86_64, r-release-windows-x86_64, r-oldrel-macos-arm64, r-oldrel-macos-x86_64, r-oldrel-windows-x86_64

Version: 1.0
Check: LazyData
Result: NOTE 'LazyData' is specified without a 'data' directory Flavors: r-devel-linux-x86_64-debian-clang, r-devel-linux-x86_64-debian-gcc, r-devel-linux-x86_64-fedora-clang, r-devel-linux-x86_64-fedora-gcc, r-devel-windows-x86_64, r-patched-linux-x86_64, r-release-linux-x86_64, r-release-macos-arm64, r-release-macos-x86_64, r-release-windows-x86_64, r-oldrel-macos-arm64, r-oldrel-macos-x86_64, r-oldrel-windows-x86_64