CRAN Package Check Results for Package MAPITR

Last updated on 2024-07-21 05:57:39 CEST.

Flavor Version Tinstall Tcheck Ttotal Status Flags
r-devel-linux-x86_64-debian-clang 1.1.2 35.26 50.00 85.26 NOTE
r-devel-linux-x86_64-debian-gcc 1.1.2 24.73 42.19 66.92 NOTE
r-devel-linux-x86_64-fedora-clang 1.1.2 120.42 NOTE
r-devel-linux-x86_64-fedora-gcc 1.1.2 148.25 NOTE
r-devel-windows-x86_64 1.1.2 30.00 85.00 115.00 NOTE
r-patched-linux-x86_64 1.1.2 37.28 55.18 92.46 NOTE
r-release-linux-x86_64 1.1.2 32.77 54.10 86.87 NOTE
r-release-macos-arm64 1.1.2 46.00 NOTE
r-release-macos-x86_64 1.1.2 83.00 NOTE
r-release-windows-x86_64 1.1.2 34.00 85.00 119.00 NOTE
r-oldrel-macos-arm64 1.1.2 50.00 NOTE
r-oldrel-macos-x86_64 1.1.2 76.00 NOTE
r-oldrel-windows-x86_64 1.1.2 43.00 94.00 137.00 NOTE

Check Details

Version: 1.1.2
Check: C++ specification
Result: NOTE Specified C++11: please drop specification unless essential Flavors: r-devel-linux-x86_64-debian-clang, r-devel-linux-x86_64-debian-gcc, r-devel-linux-x86_64-fedora-clang, r-devel-linux-x86_64-fedora-gcc, r-devel-windows-x86_64, r-patched-linux-x86_64, r-release-linux-x86_64, r-release-macos-arm64, r-release-macos-x86_64, r-release-windows-x86_64, r-oldrel-macos-arm64, r-oldrel-macos-x86_64, r-oldrel-windows-x86_64