CRAN Package Check Results for Package MCMCprecision

Last updated on 2024-07-13 06:49:43 CEST.

Flavor Version Tinstall Tcheck Ttotal Status Flags
r-devel-linux-x86_64-debian-clang 0.4.0 114.83 80.26 195.09 NOTE
r-devel-linux-x86_64-debian-gcc 0.4.0 84.33 62.53 146.86 NOTE
r-devel-linux-x86_64-fedora-clang 0.4.0 254.42 NOTE
r-devel-linux-x86_64-fedora-gcc 0.4.0 291.24 NOTE
r-devel-windows-x86_64 0.4.0 85.00 102.00 187.00 NOTE
r-patched-linux-x86_64 0.4.0 94.31 77.02 171.33 NOTE
r-release-linux-x86_64 0.4.0 100.02 78.19 178.21 NOTE
r-release-macos-arm64 0.4.0 65.00 NOTE
r-release-macos-x86_64 0.4.0 82.00 NOTE
r-release-windows-x86_64 0.4.0 86.00 94.00 180.00 NOTE
r-oldrel-macos-arm64 0.4.0 81.00 NOTE
r-oldrel-macos-x86_64 0.4.0 123.00 NOTE
r-oldrel-windows-x86_64 0.4.0 104.00 118.00 222.00 NOTE

Check Details

Version: 0.4.0
Check: C++ specification
Result: NOTE Specified C++11: please drop specification unless essential Flavors: r-devel-linux-x86_64-debian-clang, r-devel-linux-x86_64-debian-gcc, r-devel-linux-x86_64-fedora-clang, r-devel-linux-x86_64-fedora-gcc, r-devel-windows-x86_64, r-patched-linux-x86_64, r-release-linux-x86_64, r-release-macos-arm64, r-release-macos-x86_64, r-release-windows-x86_64, r-oldrel-macos-arm64, r-oldrel-macos-x86_64, r-oldrel-windows-x86_64

Version: 0.4.0
Check: LazyData
Result: NOTE 'LazyData' is specified without a 'data' directory Flavors: r-devel-linux-x86_64-debian-clang, r-devel-linux-x86_64-debian-gcc, r-devel-linux-x86_64-fedora-clang, r-devel-linux-x86_64-fedora-gcc, r-devel-windows-x86_64, r-patched-linux-x86_64, r-release-linux-x86_64, r-release-macos-arm64, r-release-macos-x86_64, r-release-windows-x86_64, r-oldrel-macos-arm64, r-oldrel-macos-x86_64, r-oldrel-windows-x86_64

Version: 0.4.0
Check: Rd cross-references
Result: NOTE Undeclared package ‘coda’ in Rd xrefs Flavor: r-devel-linux-x86_64-fedora-clang

Version: 0.4.0
Check: installed package size
Result: NOTE installed size is 19.6Mb sub-directories of 1Mb or more: libs 19.1Mb Flavors: r-release-macos-arm64, r-release-macos-x86_64, r-oldrel-macos-arm64, r-oldrel-macos-x86_64