CRAN Package Check Results for Package MCPModGeneral

Last updated on 2024-07-16 05:55:55 CEST.

Flavor Version Tinstall Tcheck Ttotal Status Flags
r-devel-linux-x86_64-debian-clang 0.1-1 6.43 92.05 98.48 NOTE
r-devel-linux-x86_64-debian-gcc 0.1-1 4.93 69.74 74.67 NOTE
r-devel-linux-x86_64-fedora-clang 0.1-1 125.60 NOTE
r-devel-linux-x86_64-fedora-gcc 0.1-1 129.94 NOTE
r-devel-windows-x86_64 0.1-1 8.00 119.00 127.00 NOTE
r-patched-linux-x86_64 0.1-1 8.15 86.70 94.85 NOTE
r-release-linux-x86_64 0.1-1 6.37 90.05 96.42 NOTE
r-release-macos-arm64 0.1-1 46.00 NOTE
r-release-macos-x86_64 0.1-1 68.00 NOTE
r-release-windows-x86_64 0.1-1 8.00 117.00 125.00 NOTE
r-oldrel-macos-arm64 0.1-1 51.00 NOTE
r-oldrel-macos-x86_64 0.1-1 70.00 NOTE
r-oldrel-windows-x86_64 0.1-1 10.00 125.00 135.00 NOTE

Check Details

Version: 0.1-1
Check: LazyData
Result: NOTE 'LazyData' is specified without a 'data' directory Flavors: r-devel-linux-x86_64-debian-clang, r-devel-linux-x86_64-debian-gcc, r-devel-linux-x86_64-fedora-clang, r-devel-linux-x86_64-fedora-gcc, r-devel-windows-x86_64, r-patched-linux-x86_64, r-release-linux-x86_64, r-release-macos-arm64, r-release-macos-x86_64, r-release-windows-x86_64, r-oldrel-macos-arm64, r-oldrel-macos-x86_64, r-oldrel-windows-x86_64