CRAN Package Check Results for Package MESS

Last updated on 2024-07-20 06:49:24 CEST.

Flavor Version Tinstall Tcheck Ttotal Status Flags
r-devel-linux-x86_64-debian-clang 0.5.12 214.00 138.98 352.98 OK
r-devel-linux-x86_64-debian-gcc 0.5.12 134.35 103.33 237.68 OK
r-devel-linux-x86_64-fedora-clang 0.5.12 605.36 OK
r-devel-linux-x86_64-fedora-gcc 0.5.12 592.58 OK
r-devel-windows-x86_64 0.5.12 159.00 160.00 319.00 NOTE
r-patched-linux-x86_64 0.5.12 194.56 133.69 328.25 OK
r-release-linux-x86_64 0.5.12 196.62 132.92 329.54 OK
r-release-macos-arm64 0.5.12 107.00 NOTE
r-release-macos-x86_64 0.5.12 116.00 NOTE
r-release-windows-x86_64 0.5.12 208.00 154.00 362.00 OK
r-oldrel-macos-arm64 0.5.12 120.00 NOTE
r-oldrel-macos-x86_64 0.5.12 182.00 NOTE
r-oldrel-windows-x86_64 0.5.12 253.00 196.00 449.00 OK

Check Details

Version: 0.5.12
Check: Rd cross-references
Result: NOTE Found the following Rd file(s) with Rd \link{} targets missing package anchors: QIC.Rd: ginv Please provide package anchors for all Rd \link{} targets not in the package itself and the base packages. Flavor: r-devel-windows-x86_64

Version: 0.5.12
Check: installed package size
Result: NOTE installed size is 8.6Mb sub-directories of 1Mb or more: data 2.7Mb libs 5.4Mb Flavors: r-release-macos-arm64, r-release-macos-x86_64, r-oldrel-macos-arm64, r-oldrel-macos-x86_64