CRAN Package Check Results for Package MODISTools

Last updated on 2024-06-13 06:58:09 CEST.

Flavor Version Tinstall Tcheck Ttotal Status Flags
r-devel-linux-x86_64-debian-clang 1.1.5 35.92 351.99 387.91 OK
r-devel-linux-x86_64-debian-gcc 1.1.5 23.78 187.43 211.21 ERROR
r-devel-linux-x86_64-fedora-clang 1.1.5 464.11 OK
r-devel-linux-x86_64-fedora-gcc 1.1.5 455.26 OK
r-devel-windows-x86_64 1.1.5 25.00 239.00 264.00 OK
r-patched-linux-x86_64 1.1.5 34.54 329.99 364.53 OK
r-release-linux-x86_64 1.1.5 28.43 326.99 355.42 OK
r-release-macos-arm64 1.1.5 122.00 OK
r-release-macos-x86_64 1.1.5 193.00 OK
r-release-windows-x86_64 1.1.5 26.00 237.00 263.00 OK
r-oldrel-macos-arm64 1.1.5 118.00 OK
r-oldrel-macos-x86_64 1.1.5 344.00 OK
r-oldrel-windows-x86_64 1.1.5 36.00 317.00 353.00 OK

Check Details

Version: 1.1.5
Check: package dependencies
Result: NOTE Packages suggested but not available for checking: 'testthat', 'ggplot2', 'dplyr' Flavor: r-devel-linux-x86_64-debian-gcc

Version: 1.1.5
Check: tests
Result: ERROR Running ‘testthat.R’ [0s/1s] Running the tests in ‘tests/testthat.R’ failed. Complete output: > # Run all unit tests > > testthat::test_check("MODISTools") Error in loadNamespace(x) : there is no package called 'testthat' Calls: loadNamespace -> withRestarts -> withOneRestart -> doWithOneRestart Execution halted Flavor: r-devel-linux-x86_64-debian-gcc

Version: 1.1.5
Check: re-building of vignette outputs
Result: ERROR Error(s) in re-building vignettes: ... --- re-building ‘modistools-vignette.Rmd’ using knitr Quitting from lines 13-30 [setup] (modistools-vignette.Rmd) Error: processing vignette 'modistools-vignette.Rmd' failed with diagnostics: there is no package called 'ggplot2' --- failed re-building ‘modistools-vignette.Rmd’ SUMMARY: processing the following file failed: ‘modistools-vignette.Rmd’ Error: Vignette re-building failed. Execution halted Flavor: r-devel-linux-x86_64-debian-gcc