CRAN Package Check Results for Package MOEADr

Last updated on 2024-07-14 05:53:37 CEST.

Flavor Version Tinstall Tcheck Ttotal Status Flags
r-devel-linux-x86_64-debian-clang 1.1.3 6.33 171.45 177.78 NOTE
r-devel-linux-x86_64-debian-gcc 1.1.3 4.62 117.10 121.72 NOTE
r-devel-linux-x86_64-fedora-clang 1.1.3 220.28 NOTE
r-devel-linux-x86_64-fedora-gcc 1.1.3 251.33 NOTE
r-devel-windows-x86_64 1.1.3 7.00 141.00 148.00 NOTE
r-patched-linux-x86_64 1.1.3 6.70 159.87 166.57 NOTE
r-release-linux-x86_64 1.1.3 5.66 158.55 164.21 NOTE
r-release-macos-arm64 1.1.3 91.00 NOTE
r-release-macos-x86_64 1.1.3 137.00 NOTE
r-release-windows-x86_64 1.1.3 6.00 139.00 145.00 NOTE
r-oldrel-macos-arm64 1.1.3 86.00 OK
r-oldrel-macos-x86_64 1.1.3 156.00 OK
r-oldrel-windows-x86_64 1.1.3 9.00 166.00 175.00 OK

Check Details

Version: 1.1.3
Check: Rd files
Result: NOTE checkRd: (-1) box_constraints.Rd:34: Lost braces; missing escapes or markup? 34 | F. Campelo, L.S. Batista, C. Aranha (2020): The {MOEADr} Package: A | ^ checkRd: (-1) check_stop_criteria.Rd:30: Lost braces; missing escapes or markup? 30 | F. Campelo, L.S. Batista, C. Aranha (2020): The {MOEADr} Package: A | ^ checkRd: (-1) constraint_none.Rd:39: Lost braces; missing escapes or markup? 39 | F. Campelo, L.S. Batista, C. Aranha (2020): The {MOEADr} Package: A | ^ checkRd: (-1) constraint_penalty.Rd:45: Lost braces; missing escapes or markup? 45 | F. Campelo, L.S. Batista, C. Aranha (2020): The {MOEADr} Package: A | ^ checkRd: (-1) constraint_vbr.Rd:106: Lost braces; missing escapes or markup? 106 | \verb{[Campelo2017]} F. Campelo, L.S. Batista, C. Aranha (2020): The {MOEADr} | ^ checkRd: (-1) create_population.Rd:28: Lost braces; missing escapes or markup? 28 | F. Campelo, L.S. Batista, C. Aranha (2020): The {MOEADr} Package: A | ^ checkRd: (-1) decomposition_msld.Rd:42: Lost braces; missing escapes or markup? 42 | F. Campelo, L.S. Batista, C. Aranha (2020): The {MOEADr} Package: A | ^ checkRd: (-1) decomposition_sld.Rd:44: Lost braces; missing escapes or markup? 44 | F. Campelo, L.S. Batista, C. Aranha (2020): The {MOEADr} Package: A | ^ checkRd: (-1) decomposition_uniform.Rd:37: Lost braces; missing escapes or markup? 37 | F. Campelo, L.S. Batista, C. Aranha (2020): The {MOEADr} Package: A | ^ checkRd: (-1) define_neighborhood.Rd:49: Lost braces; missing escapes or markup? 49 | F. Campelo, L.S. Batista, C. Aranha (2020): The {MOEADr} Package: A | ^ checkRd: (-1) evaluate_population.Rd:37: Lost braces; missing escapes or markup? 37 | F. Campelo, L.S. Batista, C. Aranha (2020): The {MOEADr} Package: A | ^ checkRd: (-1) generate_weights.Rd:31: Lost braces; missing escapes or markup? 31 | F. Campelo, L.S. Batista, C. Aranha (2020): The {MOEADr} Package: A | ^ checkRd: (-1) ls_dvls.Rd:78: Lost braces; missing escapes or markup? 78 | F. Campelo, L.S. Batista, C. Aranha (2020): The {MOEADr} Package: A | ^ checkRd: (-1) ls_tpqa.Rd:77: Lost braces; missing escapes or markup? 77 | F. Campelo, L.S. Batista, C. Aranha (2020): The {MOEADr} Package: A | ^ checkRd: (-1) moead.Rd:236: Lost braces; missing escapes or markup? 236 | F. Campelo, L.S. Batista, C. Aranha (2020): The {MOEADr} Package: A | ^ checkRd: (-1) order_neighborhood.Rd:48: Lost braces; missing escapes or markup? 48 | F. Campelo, L.S. Batista, C. Aranha (2020): The {MOEADr} Package: A | ^ checkRd: (-1) perform_variation.Rd:40: Lost braces; missing escapes or markup? 40 | F. Campelo, L.S. Batista, C. Aranha (2020): The {MOEADr} Package: A | ^ checkRd: (-1) plot.moead.Rd:54: Lost braces; missing escapes or markup? 54 | F. Campelo, L.S. Batista, C. Aranha (2020): The {MOEADr} Package: A | ^ checkRd: (-1) preset_moead.Rd:30: Lost braces; missing escapes or markup? 30 | F. Campelo, L.S. Batista, C. Aranha (2020): The {MOEADr} Package: A | ^ checkRd: (-1) print.moead.Rd:21: Lost braces; missing escapes or markup? 21 | F. Campelo, L.S. Batista, C. Aranha (2020): The {MOEADr} Package: A | ^ checkRd: (-1) print_progress.Rd:28: Lost braces; missing escapes or markup? 28 | F. Campelo, L.S. Batista, C. Aranha (2020): The {MOEADr} Package: A | ^ checkRd: (-1) scalarization_awt.Rd:40: Lost braces; missing escapes or markup? 40 | F. Campelo, L.S. Batista, C. Aranha (2020): The {MOEADr} Package: A | ^ checkRd: (-1) scalarization_ipbi.Rd:46: Lost braces; missing escapes or markup? 46 | F. Campelo, L.S. Batista, C. Aranha (2020): The {MOEADr} Package: A | ^ checkRd: (-1) scalarization_pbi.Rd:42: Lost braces; missing escapes or markup? 42 | F. Campelo, L.S. Batista, C. Aranha (2020): The {MOEADr} Package: A | ^ checkRd: (-1) scalarization_ws.Rd:39: Lost braces; missing escapes or markup? 39 | F. Campelo, L.S. Batista, C. Aranha (2020): The {MOEADr} Package: A | ^ checkRd: (-1) scalarization_wt.Rd:39: Lost braces; missing escapes or markup? 39 | F. Campelo, L.S. Batista, C. Aranha (2020): The {MOEADr} Package: A | ^ checkRd: (-1) scalarize_values.Rd:40: Lost braces; missing escapes or markup? 40 | F. Campelo, L.S. Batista, C. Aranha (2020): The {MOEADr} Package: A | ^ checkRd: (-1) scale_objectives.Rd:42: Lost braces; missing escapes or markup? 42 | F. Campelo, L.S. Batista, C. Aranha (2020): The {MOEADr} Package: A | ^ checkRd: (-1) stop_maxeval.Rd:37: Lost braces; missing escapes or markup? 37 | F. Campelo, L.S. Batista, C. Aranha (2020): The {MOEADr} Package: A | ^ checkRd: (-1) stop_maxiter.Rd:37: Lost braces; missing escapes or markup? 37 | F. Campelo, L.S. Batista, C. Aranha (2020): The {MOEADr} Package: A | ^ checkRd: (-1) stop_maxtime.Rd:44: Lost braces; missing escapes or markup? 44 | F. Campelo, L.S. Batista, C. Aranha (2020): The {MOEADr} Package: A | ^ checkRd: (-1) summary.moead.Rd:43: Lost braces; missing escapes or markup? 43 | F. Campelo, L.S. Batista, C. Aranha (2020): The {MOEADr} Package: A | ^ checkRd: (-1) update_population.Rd:33: Lost braces; missing escapes or markup? 33 | F. Campelo, L.S. Batista, C. Aranha (2020): The {MOEADr} Package: A | ^ checkRd: (-1) updt_best.Rd:79: Lost braces; missing escapes or markup? 79 | F. Campelo, L.S. Batista, C. Aranha (2020): The {MOEADr} Package: A | ^ checkRd: (-1) updt_restricted.Rd:56: Lost braces; missing escapes or markup? 56 | F. Campelo, L.S. Batista, C. Aranha (2020): The {MOEADr} Package: A | ^ checkRd: (-1) updt_standard.Rd:49: Lost braces; missing escapes or markup? 49 | F. Campelo, L.S. Batista, C. Aranha (2020): The {MOEADr} Package: A | ^ checkRd: (-1) variation_binrec.Rd:34: Lost braces; missing escapes or markup? 34 | F. Campelo, L.S. Batista, C. Aranha (2020): The {MOEADr} Package: A | ^ checkRd: (-1) variation_diffmut.Rd:58: Lost braces; missing escapes or markup? 58 | F. Campelo, L.S. Batista, C. Aranha (2020): The {MOEADr} Package: A | ^ checkRd: (-1) variation_localsearch.Rd:51: Lost braces; missing escapes or markup? 51 | F. Campelo, L.S. Batista, C. Aranha (2020): The {MOEADr} Package: A | ^ checkRd: (-1) variation_polymut.Rd:44: Lost braces; missing escapes or markup? 44 | F. Campelo, L.S. Batista, C. Aranha (2020): The {MOEADr} Package: A | ^ checkRd: (-1) variation_sbx.Rd:45: Lost braces; missing escapes or markup? 45 | F. Campelo, L.S. Batista, C. Aranha (2020): The {MOEADr} Package: A | ^ checkRd: (-1) variation_truncate.Rd:26: Lost braces; missing escapes or markup? 26 | F. Campelo, L.S. Batista, C. Aranha (2020): The {MOEADr} Package: A | ^ Flavors: r-devel-linux-x86_64-debian-clang, r-devel-linux-x86_64-debian-gcc, r-devel-linux-x86_64-fedora-clang, r-devel-linux-x86_64-fedora-gcc, r-devel-windows-x86_64, r-patched-linux-x86_64, r-release-linux-x86_64, r-release-macos-arm64, r-release-macos-x86_64, r-release-windows-x86_64