CRAN Package Check Results for Package MadanTextNetwork

Last updated on 2024-07-18 06:57:28 CEST.

Flavor Version Tinstall Tcheck Ttotal Status Flags
r-devel-linux-x86_64-debian-clang 0.1.0 19.88 159.68 179.56 OK
r-devel-linux-x86_64-debian-gcc 0.1.0 16.66 117.78 134.44 OK
r-devel-linux-x86_64-fedora-clang 0.1.0 228.87 NOTE
r-devel-linux-x86_64-fedora-gcc 0.1.0 234.37 NOTE
r-devel-windows-x86_64 0.1.0 19.00 118.00 137.00 OK
r-patched-linux-x86_64 0.1.0 18.68 156.84 175.52 OK
r-release-linux-x86_64 0.1.0 13.76 156.71 170.47 OK
r-release-macos-arm64 0.1.0 62.00 OK
r-release-macos-x86_64 0.1.0 95.00 OK
r-release-windows-x86_64 0.1.0 19.00 119.00 138.00 OK
r-oldrel-macos-arm64 0.1.0 82.00 OK
r-oldrel-macos-x86_64 0.1.0 122.00 OK
r-oldrel-windows-x86_64 0.1.0 23.00 141.00 164.00 OK

Check Details

Version: 0.1.0
Check: dependencies in R code
Result: NOTE Namespaces in Imports field not imported from: ‘ngram’ ‘shinythemes’ ‘topicmodels’ All declared Imports should be used. Flavors: r-devel-linux-x86_64-fedora-clang, r-devel-linux-x86_64-fedora-gcc