CRAN Package Check Results for Package MigrationDetectR

Last updated on 2024-07-16 05:55:56 CEST.

Flavor Version Tinstall Tcheck Ttotal Status Flags
r-devel-linux-x86_64-debian-clang 0.1.1 6.54 56.45 62.99 OK
r-devel-linux-x86_64-debian-gcc 0.1.1 4.82 41.93 46.75 OK
r-devel-linux-x86_64-fedora-clang 0.1.1 81.73 NOTE
r-devel-linux-x86_64-fedora-gcc 0.1.1 82.98 NOTE
r-devel-windows-x86_64 0.1.1 7.00 68.00 75.00 OK
r-patched-linux-x86_64 0.1.1 6.93 52.52 59.45 OK
r-release-linux-x86_64 0.1.1 4.02 53.87 57.89 OK
r-release-macos-arm64 0.1.1 27.00 OK
r-release-macos-x86_64 0.1.1 37.00 OK
r-release-windows-x86_64 0.1.1 6.00 59.00 65.00 OK
r-oldrel-macos-arm64 0.1.1 26.00 OK
r-oldrel-macos-x86_64 0.1.1 50.00 OK
r-oldrel-windows-x86_64 0.1.1 8.00 68.00 76.00 OK

Check Details

Version: 0.1.1
Check: dependencies in R code
Result: NOTE Namespace in Imports field not imported from: ‘lifecycle’ All declared Imports should be used. Flavors: r-devel-linux-x86_64-fedora-clang, r-devel-linux-x86_64-fedora-gcc