CRAN Package Check Results for Package NCutYX

Last updated on 2024-07-18 06:57:30 CEST.

Flavor Version Tinstall Tcheck Ttotal Status Flags
r-devel-linux-x86_64-debian-clang 0.1.0 42.62 79.31 121.93 OK
r-devel-linux-x86_64-debian-gcc 0.1.0 24.47 58.54 83.01 OK
r-devel-linux-x86_64-fedora-clang 0.1.0 149.67 NOTE
r-devel-linux-x86_64-fedora-gcc 0.1.0 163.72 NOTE
r-devel-windows-x86_64 0.1.0 28.00 95.00 123.00 OK
r-patched-linux-x86_64 0.1.0 31.33 76.46 107.79 OK
r-release-linux-x86_64 0.1.0 31.40 75.67 107.07 OK
r-release-macos-arm64 0.1.0 46.00 NOTE
r-release-macos-x86_64 0.1.0 68.00 NOTE
r-release-windows-x86_64 0.1.0 29.00 97.00 126.00 OK
r-oldrel-macos-arm64 0.1.0 54.00 NOTE
r-oldrel-macos-x86_64 0.1.0 77.00 NOTE
r-oldrel-windows-x86_64 0.1.0 38.00 115.00 153.00 OK

Check Details

Version: 0.1.0
Check: dependencies in R code
Result: NOTE Namespaces in Imports field not imported from: ‘MASS’ ‘fields’ ‘mvtnorm’ All declared Imports should be used. Flavors: r-devel-linux-x86_64-fedora-clang, r-devel-linux-x86_64-fedora-gcc

Version: 0.1.0
Check: installed package size
Result: NOTE installed size is 6.8Mb sub-directories of 1Mb or more: data 1.5Mb libs 4.4Mb Flavors: r-release-macos-arm64, r-release-macos-x86_64, r-oldrel-macos-arm64, r-oldrel-macos-x86_64