CRAN Package Check Results for Package NMTox

Last updated on 2024-07-21 05:57:41 CEST.

Flavor Version Tinstall Tcheck Ttotal Status Flags
r-devel-linux-x86_64-debian-clang 0.1.0 8.82 66.55 75.37 NOTE
r-devel-linux-x86_64-debian-gcc 0.1.0 7.64 49.75 57.39 NOTE
r-devel-linux-x86_64-fedora-clang 0.1.0 95.01 NOTE
r-devel-linux-x86_64-fedora-gcc 0.1.0 87.24 NOTE
r-devel-windows-x86_64 0.1.0 10.00 70.00 80.00 NOTE
r-patched-linux-x86_64 0.1.0 7.78 63.21 70.99 NOTE
r-release-linux-x86_64 0.1.0 5.34 61.93 67.27 NOTE
r-release-macos-arm64 0.1.0 34.00 NOTE
r-release-macos-x86_64 0.1.0 46.00 NOTE
r-release-windows-x86_64 0.1.0 10.00 70.00 80.00 NOTE
r-oldrel-macos-arm64 0.1.0 32.00 OK
r-oldrel-macos-x86_64 0.1.0 45.00 OK
r-oldrel-windows-x86_64 0.1.0 13.00 77.00 90.00 OK

Check Details

Version: 0.1.0
Check: Rd files
Result: NOTE checkRd: (-1) geninvitro.Rd:10: Lost braces in \itemize; meant \describe ? checkRd: (-1) geninvitro.Rd:11: Lost braces in \itemize; meant \describe ? checkRd: (-1) geninvitro.Rd:12: Lost braces in \itemize; meant \describe ? checkRd: (-1) geninvitro.Rd:13: Lost braces in \itemize; meant \describe ? checkRd: (-1) geninvitro.Rd:14: Lost braces in \itemize; meant \describe ? checkRd: (-1) geninvitro.Rd:15: Lost braces in \itemize; meant \describe ? checkRd: (-1) geninvitro.Rd:16: Lost braces in \itemize; meant \describe ? checkRd: (-1) geninvitro.Rd:17: Lost braces in \itemize; meant \describe ? checkRd: (-1) geninvitro.Rd:18: Lost braces in \itemize; meant \describe ? checkRd: (-1) geninvitro.Rd:19: Lost braces in \itemize; meant \describe ? checkRd: (-1) geninvitro.Rd:20: Lost braces in \itemize; meant \describe ? checkRd: (-1) geninvitro.Rd:21: Lost braces in \itemize; meant \describe ? checkRd: (-1) geninvitro.Rd:22: Lost braces in \itemize; meant \describe ? checkRd: (-1) geninvitro.Rd:23-24: Lost braces in \itemize; meant \describe ? checkRd: (-1) geninvitro.Rd:25: Lost braces in \itemize; meant \describe ? checkRd: (-1) geninvitro.Rd:26-27: Lost braces in \itemize; meant \describe ? checkRd: (-1) geninvitro.Rd:28-29: Lost braces in \itemize; meant \describe ? checkRd: (-1) nm400.Rd:10: Lost braces in \itemize; meant \describe ? checkRd: (-1) nm400.Rd:11: Lost braces in \itemize; meant \describe ? checkRd: (-1) nm400.Rd:12: Lost braces in \itemize; meant \describe ? checkRd: (-1) nm400.Rd:13: Lost braces in \itemize; meant \describe ? checkRd: (-1) nm400.Rd:14: Lost braces in \itemize; meant \describe ? checkRd: (-1) nm400.Rd:15: Lost braces in \itemize; meant \describe ? checkRd: (-1) nm400.Rd:16: Lost braces in \itemize; meant \describe ? checkRd: (-1) nm400.Rd:17: Lost braces in \itemize; meant \describe ? checkRd: (-1) nm400.Rd:18: Lost braces in \itemize; meant \describe ? checkRd: (-1) nm400.Rd:19: Lost braces in \itemize; meant \describe ? checkRd: (-1) nm400.Rd:20: Lost braces in \itemize; meant \describe ? checkRd: (-1) nm400.Rd:21: Lost braces in \itemize; meant \describe ? checkRd: (-1) nm400.Rd:22: Lost braces in \itemize; meant \describe ? checkRd: (-1) nm400.Rd:23-24: Lost braces in \itemize; meant \describe ? checkRd: (-1) nm400.Rd:25: Lost braces in \itemize; meant \describe ? checkRd: (-1) nm400.Rd:26-27: Lost braces in \itemize; meant \describe ? checkRd: (-1) nm400.Rd:28-29: Lost braces in \itemize; meant \describe ? Flavors: r-devel-linux-x86_64-debian-clang, r-devel-linux-x86_64-debian-gcc, r-devel-linux-x86_64-fedora-clang, r-devel-linux-x86_64-fedora-gcc, r-devel-windows-x86_64, r-patched-linux-x86_64, r-release-linux-x86_64, r-release-macos-arm64, r-release-macos-x86_64, r-release-windows-x86_64