CRAN Package Check Results for Package NestedCategBayesImpute

Last updated on 2024-07-20 06:49:26 CEST.

Flavor Version Tinstall Tcheck Ttotal Status Flags
r-devel-linux-x86_64-debian-clang 1.2.1 111.66 54.90 166.56 NOTE
r-devel-linux-x86_64-debian-gcc 1.2.1 74.67 41.53 116.20 NOTE
r-devel-linux-x86_64-fedora-clang 1.2.1 371.91 NOTE
r-devel-linux-x86_64-fedora-gcc 1.2.1 331.79 NOTE
r-devel-windows-x86_64 1.2.1 102.00 81.00 183.00 NOTE
r-patched-linux-x86_64 1.2.1 131.26 53.10 184.36 NOTE
r-release-linux-x86_64 1.2.1 137.79 53.20 190.99 NOTE
r-release-macos-arm64 1.2.1 58.00 NOTE
r-release-macos-x86_64 1.2.1 63.00 NOTE
r-release-windows-x86_64 1.2.1 139.00 83.00 222.00 NOTE
r-oldrel-macos-arm64 1.2.1 78.00 NOTE
r-oldrel-macos-x86_64 1.2.1 128.00 NOTE
r-oldrel-windows-x86_64 1.2.1 165.00 93.00 258.00 NOTE

Check Details

Version: 1.2.1
Check: C++ specification
Result: NOTE Specified C++11: please drop specification unless essential Flavors: r-devel-linux-x86_64-debian-clang, r-devel-linux-x86_64-debian-gcc, r-devel-linux-x86_64-fedora-clang, r-devel-linux-x86_64-fedora-gcc, r-devel-windows-x86_64, r-patched-linux-x86_64, r-release-linux-x86_64, r-release-macos-arm64, r-release-macos-x86_64, r-release-windows-x86_64, r-oldrel-macos-arm64, r-oldrel-macos-x86_64, r-oldrel-windows-x86_64

Version: 1.2.1
Check: LazyData
Result: NOTE 'LazyData' is specified without a 'data' directory Flavors: r-devel-linux-x86_64-debian-clang, r-devel-linux-x86_64-debian-gcc, r-devel-linux-x86_64-fedora-clang, r-devel-linux-x86_64-fedora-gcc, r-devel-windows-x86_64, r-patched-linux-x86_64, r-release-linux-x86_64, r-release-macos-arm64, r-release-macos-x86_64, r-release-windows-x86_64, r-oldrel-macos-arm64, r-oldrel-macos-x86_64, r-oldrel-windows-x86_64

Version: 1.2.1
Check: for GNU extensions in Makefiles
Result: NOTE GNU make is a SystemRequirements. Flavors: r-devel-linux-x86_64-debian-clang, r-devel-linux-x86_64-debian-gcc, r-devel-linux-x86_64-fedora-clang, r-devel-linux-x86_64-fedora-gcc, r-devel-windows-x86_64, r-patched-linux-x86_64, r-release-linux-x86_64, r-release-macos-arm64, r-release-macos-x86_64, r-release-windows-x86_64, r-oldrel-macos-arm64, r-oldrel-macos-x86_64, r-oldrel-windows-x86_64