CRAN Package Check Results for Package OpenRepGrid.ic

Last updated on 2024-07-21 05:57:41 CEST.

Flavor Version Tinstall Tcheck Ttotal Status Flags
r-devel-linux-x86_64-debian-clang 0.6.2 9.36 94.75 104.11 OK
r-devel-linux-x86_64-debian-gcc 0.6.2 6.72 70.98 77.70 OK
r-devel-linux-x86_64-fedora-clang 0.6.2 134.46 NOTE
r-devel-linux-x86_64-fedora-gcc 0.6.2 119.68 OK
r-devel-windows-x86_64 0.6.2 11.00 89.00 100.00 OK
r-patched-linux-x86_64 0.6.2 5.83 90.99 96.82 OK
r-release-linux-x86_64 0.6.2 5.82 89.03 94.85 OK
r-release-macos-arm64 0.6.2 40.00 OK
r-release-macos-x86_64 0.6.2 55.00 OK
r-release-windows-x86_64 0.6.2 9.00 86.00 95.00 OK
r-oldrel-macos-arm64 0.6.2 43.00 OK
r-oldrel-macos-x86_64 0.6.2 96.00 OK
r-oldrel-windows-x86_64 0.6.2 14.00 107.00 121.00 OK

Check Details

Version: 0.6.2
Check: package dependencies
Result: NOTE Imports includes 23 non-default packages. Importing from so many packages makes the package vulnerable to any of them becoming unavailable. Move as many as possible to Suggests and use conditionally. Flavor: r-devel-linux-x86_64-fedora-clang